{"id":3253,"date":"2021-11-03T10:55:16","date_gmt":"2021-11-03T09:55:16","guid":{"rendered":"https:\/\/art-et-culture-du-monde.fr\/blog\/?post_type=product&#038;p=3253"},"modified":"2021-11-03T11:18:54","modified_gmt":"2021-11-03T10:18:54","slug":"hibou-grand-duc","status":"publish","type":"product","link":"https:\/\/art-et-culture-du-monde.fr\/blog\/produit\/hibou-grand-duc\/","title":{"rendered":"Hibou Grand-Duc"},"content":{"rendered":"<p><strong>Portrait de Hibou Grand-Duc.<\/strong> Tirage 30&#215;40 cm<\/p>\n<p>Le plus grand des rapaces nocturnes en Europe. Pour nicher, il affectionne les falaises. D&rsquo;apparence lente, il peut-\u00eatre tr\u00e8s vif quand il s&rsquo;agit d&rsquo;attraper une proie. Il poss\u00e8de aussi une grand puissance dans ses serres.<\/p>\n<p>Il n&rsquo;y a aucun filigrane sur le tirage envoy\u00e9.<\/p>\n<p>Envoi non encadr\u00e9.<\/p>\n<p>&nbsp;<\/p>\n","protected":false},"excerpt":{"rendered":"<p>Dans les yeux d&rsquo;une chouette Hulotte. Tirage 20&#215;30 cm<\/p>\n<p>D\u00e9lai de livraison 15 jours.<\/p>\n","protected":false},"featured_media":3254,"comment_status":"open","ping_status":"closed","template":"","meta":{"_et_pb_use_builder":"","_et_pb_old_content":"","_et_gb_content_width":"","jetpack_publicize_message":"","jetpack_publicize_feature_enabled":true,"jetpack_social_post_already_shared":false,"jetpack_social_options":{"image_generator_settings":{"template":"highway","default_image_id":0,"font":"","enabled":false},"version":2}},"product_brand":[],"product_cat":[53],"product_tag":[],"class_list":{"0":"post-3253","1":"product","2":"type-product","3":"status-publish","4":"has-post-thumbnail","6":"product_cat-rapaces","8":"first","9":"instock","10":"shipping-taxable","11":"purchasable","12":"product-type-simple"},"yoast_head":"<!-- This site is optimized with the Yoast SEO plugin v27.2 - https:\/\/yoast.com\/product\/yoast-seo-wordpress\/ -->\n<title>Hibou Grand-Duc<\/title>\n<meta name=\"description\" content=\"Portrait de Hibou Grand-Duc. Tirage 30x40 cm. Le plus grand rapace nocturne en Europe, redoutable chasseur.\" \/>\n<meta name=\"robots\" content=\"index, follow, max-snippet:-1, max-image-preview:large, max-video-preview:-1\" \/>\n<link rel=\"canonical\" href=\"https:\/\/art-et-culture-du-monde.fr\/blog\/produit\/hibou-grand-duc\/\" \/>\n<meta property=\"og:locale\" content=\"fr_FR\" \/>\n<meta property=\"og:type\" content=\"article\" \/>\n<meta property=\"og:title\" content=\"Hibou Grand-Duc\" \/>\n<meta property=\"og:description\" content=\"Portrait de Hibou Grand-Duc. Tirage 30x40 cm. Le plus grand rapace nocturne en Europe, redoutable chasseur.\" \/>\n<meta property=\"og:url\" content=\"https:\/\/art-et-culture-du-monde.fr\/blog\/produit\/hibou-grand-duc\/\" \/>\n<meta property=\"og:site_name\" content=\"La Nature d&#039;Eric\" \/>\n<meta property=\"article:publisher\" content=\"https:\/\/www.facebook.com\/Art-et-Culture-du-Monde-ACM-175103796680\/\" \/>\n<meta property=\"article:modified_time\" content=\"2021-11-03T10:18:54+00:00\" \/>\n<meta property=\"og:image\" content=\"https:\/\/art-et-culture-du-monde.fr\/blog\/wp-content\/uploads\/2021\/11\/Hibou-grand-duc-IMG_7742-30x40-red-compress.jpg\" \/>\n\t<meta property=\"og:image:width\" content=\"800\" \/>\n\t<meta property=\"og:image:height\" content=\"602\" \/>\n\t<meta property=\"og:image:type\" content=\"image\/jpeg\" \/>\n<meta name=\"twitter:card\" content=\"summary_large_image\" \/>\n<meta name=\"twitter:label1\" content=\"Dur\u00e9e de lecture estim\u00e9e\" \/>\n\t<meta name=\"twitter:data1\" content=\"1 minute\" \/>\n<script type=\"application\/ld+json\" class=\"yoast-schema-graph\">{\"@context\":\"https:\/\/schema.org\",\"@graph\":[{\"@type\":\"WebPage\",\"@id\":\"https:\/\/art-et-culture-du-monde.fr\/blog\/produit\/hibou-grand-duc\/\",\"url\":\"https:\/\/art-et-culture-du-monde.fr\/blog\/produit\/hibou-grand-duc\/\",\"name\":\"Hibou Grand-Duc\",\"isPartOf\":{\"@id\":\"https:\/\/art-et-culture-du-monde.fr\/blog\/#website\"},\"primaryImageOfPage\":{\"@id\":\"https:\/\/art-et-culture-du-monde.fr\/blog\/produit\/hibou-grand-duc\/#primaryimage\"},\"image\":{\"@id\":\"https:\/\/art-et-culture-du-monde.fr\/blog\/produit\/hibou-grand-duc\/#primaryimage\"},\"thumbnailUrl\":\"https:\/\/art-et-culture-du-monde.fr\/blog\/wp-content\/uploads\/2021\/11\/Hibou-grand-duc-IMG_7742-30x40-red-compress.jpg\",\"datePublished\":\"2021-11-03T09:55:16+00:00\",\"dateModified\":\"2021-11-03T10:18:54+00:00\",\"description\":\"Portrait de Hibou Grand-Duc. Tirage 30x40 cm. Le plus grand rapace nocturne en Europe, redoutable chasseur.\",\"breadcrumb\":{\"@id\":\"https:\/\/art-et-culture-du-monde.fr\/blog\/produit\/hibou-grand-duc\/#breadcrumb\"},\"inLanguage\":\"fr-FR\",\"potentialAction\":[{\"@type\":\"ReadAction\",\"target\":[\"https:\/\/art-et-culture-du-monde.fr\/blog\/produit\/hibou-grand-duc\/\"]}]},{\"@type\":\"ImageObject\",\"inLanguage\":\"fr-FR\",\"@id\":\"https:\/\/art-et-culture-du-monde.fr\/blog\/produit\/hibou-grand-duc\/#primaryimage\",\"url\":\"https:\/\/art-et-culture-du-monde.fr\/blog\/wp-content\/uploads\/2021\/11\/Hibou-grand-duc-IMG_7742-30x40-red-compress.jpg\",\"contentUrl\":\"https:\/\/art-et-culture-du-monde.fr\/blog\/wp-content\/uploads\/2021\/11\/Hibou-grand-duc-IMG_7742-30x40-red-compress.jpg\",\"width\":800,\"height\":602,\"caption\":\"Hibou Grand-Duc\"},{\"@type\":\"BreadcrumbList\",\"@id\":\"https:\/\/art-et-culture-du-monde.fr\/blog\/produit\/hibou-grand-duc\/#breadcrumb\",\"itemListElement\":[{\"@type\":\"ListItem\",\"position\":1,\"name\":\"Accueil\",\"item\":\"https:\/\/art-et-culture-du-monde.fr\/blog\/\"},{\"@type\":\"ListItem\",\"position\":2,\"name\":\"Boutique\",\"item\":\"https:\/\/art-et-culture-du-monde.fr\/blog\/boutique\/\"},{\"@type\":\"ListItem\",\"position\":3,\"name\":\"Hibou Grand-Duc\"}]},{\"@type\":\"WebSite\",\"@id\":\"https:\/\/art-et-culture-du-monde.fr\/blog\/#website\",\"url\":\"https:\/\/art-et-culture-du-monde.fr\/blog\/\",\"name\":\"La Nature d&#039;Eric\",\"description\":\"D\u00e9couvrir - Partager - Pr\u00e9server\",\"potentialAction\":[{\"@type\":\"SearchAction\",\"target\":{\"@type\":\"EntryPoint\",\"urlTemplate\":\"https:\/\/art-et-culture-du-monde.fr\/blog\/?s={search_term_string}\"},\"query-input\":{\"@type\":\"PropertyValueSpecification\",\"valueRequired\":true,\"valueName\":\"search_term_string\"}}],\"inLanguage\":\"fr-FR\"}]}<\/script>\n<!-- \/ Yoast SEO plugin. -->","yoast_head_json":{"title":"Hibou Grand-Duc","description":"Portrait de Hibou Grand-Duc. Tirage 30x40 cm. Le plus grand rapace nocturne en Europe, redoutable chasseur.","robots":{"index":"index","follow":"follow","max-snippet":"max-snippet:-1","max-image-preview":"max-image-preview:large","max-video-preview":"max-video-preview:-1"},"canonical":"https:\/\/art-et-culture-du-monde.fr\/blog\/produit\/hibou-grand-duc\/","og_locale":"fr_FR","og_type":"article","og_title":"Hibou Grand-Duc","og_description":"Portrait de Hibou Grand-Duc. Tirage 30x40 cm. Le plus grand rapace nocturne en Europe, redoutable chasseur.","og_url":"https:\/\/art-et-culture-du-monde.fr\/blog\/produit\/hibou-grand-duc\/","og_site_name":"La Nature d&#039;Eric","article_publisher":"https:\/\/www.facebook.com\/Art-et-Culture-du-Monde-ACM-175103796680\/","article_modified_time":"2021-11-03T10:18:54+00:00","og_image":[{"width":800,"height":602,"url":"https:\/\/art-et-culture-du-monde.fr\/blog\/wp-content\/uploads\/2021\/11\/Hibou-grand-duc-IMG_7742-30x40-red-compress.jpg","type":"image\/jpeg"}],"twitter_card":"summary_large_image","twitter_misc":{"Dur\u00e9e de lecture estim\u00e9e":"1 minute"},"schema":{"@context":"https:\/\/schema.org","@graph":[{"@type":"WebPage","@id":"https:\/\/art-et-culture-du-monde.fr\/blog\/produit\/hibou-grand-duc\/","url":"https:\/\/art-et-culture-du-monde.fr\/blog\/produit\/hibou-grand-duc\/","name":"Hibou Grand-Duc","isPartOf":{"@id":"https:\/\/art-et-culture-du-monde.fr\/blog\/#website"},"primaryImageOfPage":{"@id":"https:\/\/art-et-culture-du-monde.fr\/blog\/produit\/hibou-grand-duc\/#primaryimage"},"image":{"@id":"https:\/\/art-et-culture-du-monde.fr\/blog\/produit\/hibou-grand-duc\/#primaryimage"},"thumbnailUrl":"https:\/\/art-et-culture-du-monde.fr\/blog\/wp-content\/uploads\/2021\/11\/Hibou-grand-duc-IMG_7742-30x40-red-compress.jpg","datePublished":"2021-11-03T09:55:16+00:00","dateModified":"2021-11-03T10:18:54+00:00","description":"Portrait de Hibou Grand-Duc. Tirage 30x40 cm. Le plus grand rapace nocturne en Europe, redoutable chasseur.","breadcrumb":{"@id":"https:\/\/art-et-culture-du-monde.fr\/blog\/produit\/hibou-grand-duc\/#breadcrumb"},"inLanguage":"fr-FR","potentialAction":[{"@type":"ReadAction","target":["https:\/\/art-et-culture-du-monde.fr\/blog\/produit\/hibou-grand-duc\/"]}]},{"@type":"ImageObject","inLanguage":"fr-FR","@id":"https:\/\/art-et-culture-du-monde.fr\/blog\/produit\/hibou-grand-duc\/#primaryimage","url":"https:\/\/art-et-culture-du-monde.fr\/blog\/wp-content\/uploads\/2021\/11\/Hibou-grand-duc-IMG_7742-30x40-red-compress.jpg","contentUrl":"https:\/\/art-et-culture-du-monde.fr\/blog\/wp-content\/uploads\/2021\/11\/Hibou-grand-duc-IMG_7742-30x40-red-compress.jpg","width":800,"height":602,"caption":"Hibou Grand-Duc"},{"@type":"BreadcrumbList","@id":"https:\/\/art-et-culture-du-monde.fr\/blog\/produit\/hibou-grand-duc\/#breadcrumb","itemListElement":[{"@type":"ListItem","position":1,"name":"Accueil","item":"https:\/\/art-et-culture-du-monde.fr\/blog\/"},{"@type":"ListItem","position":2,"name":"Boutique","item":"https:\/\/art-et-culture-du-monde.fr\/blog\/boutique\/"},{"@type":"ListItem","position":3,"name":"Hibou Grand-Duc"}]},{"@type":"WebSite","@id":"https:\/\/art-et-culture-du-monde.fr\/blog\/#website","url":"https:\/\/art-et-culture-du-monde.fr\/blog\/","name":"La Nature d&#039;Eric","description":"D\u00e9couvrir - Partager - Pr\u00e9server","potentialAction":[{"@type":"SearchAction","target":{"@type":"EntryPoint","urlTemplate":"https:\/\/art-et-culture-du-monde.fr\/blog\/?s={search_term_string}"},"query-input":{"@type":"PropertyValueSpecification","valueRequired":true,"valueName":"search_term_string"}}],"inLanguage":"fr-FR"}]}},"jetpack_publicize_connections":[],"jetpack-related-posts":[],"jetpack_sharing_enabled":true,"_links":{"self":[{"href":"https:\/\/art-et-culture-du-monde.fr\/blog\/wp-json\/wp\/v2\/product\/3253","targetHints":{"allow":["GET"]}}],"collection":[{"href":"https:\/\/art-et-culture-du-monde.fr\/blog\/wp-json\/wp\/v2\/product"}],"about":[{"href":"https:\/\/art-et-culture-du-monde.fr\/blog\/wp-json\/wp\/v2\/types\/product"}],"replies":[{"embeddable":true,"href":"https:\/\/art-et-culture-du-monde.fr\/blog\/wp-json\/wp\/v2\/comments?post=3253"}],"wp:featuredmedia":[{"embeddable":true,"href":"https:\/\/art-et-culture-du-monde.fr\/blog\/wp-json\/wp\/v2\/media\/3254"}],"wp:attachment":[{"href":"https:\/\/art-et-culture-du-monde.fr\/blog\/wp-json\/wp\/v2\/media?parent=3253"}],"wp:term":[{"taxonomy":"product_brand","embeddable":true,"href":"https:\/\/art-et-culture-du-monde.fr\/blog\/wp-json\/wp\/v2\/product_brand?post=3253"},{"taxonomy":"product_cat","embeddable":true,"href":"https:\/\/art-et-culture-du-monde.fr\/blog\/wp-json\/wp\/v2\/product_cat?post=3253"},{"taxonomy":"product_tag","embeddable":true,"href":"https:\/\/art-et-culture-du-monde.fr\/blog\/wp-json\/wp\/v2\/product_tag?post=3253"}],"curies":[{"name":"wp","href":"https:\/\/api.w.org\/{rel}","templated":true}]}}