{"id":842,"date":"2017-02-15T15:46:56","date_gmt":"2017-02-15T14:46:56","guid":{"rendered":"http:\/\/art-et-culture-du-monde.fr\/blog\/?page_id=842"},"modified":"2018-01-10T00:07:27","modified_gmt":"2018-01-09T23:07:27","slug":"accueillir-une-exposition","status":"publish","type":"page","link":"https:\/\/art-et-culture-du-monde.fr\/blog\/accueillir-une-exposition\/","title":{"rendered":"Accueillir une exposition"},"content":{"rendered":"<p>[et_pb_section admin_label=\u00a0\u00bbsection\u00a0\u00bb transparent_background=\u00a0\u00bboff\u00a0\u00bb background_color=\u00a0\u00bbrgba(124,226,77,0.54)\u00a0\u00bb allow_player_pause=\u00a0\u00bboff\u00a0\u00bb inner_shadow=\u00a0\u00bboff\u00a0\u00bb parallax=\u00a0\u00bboff\u00a0\u00bb parallax_method=\u00a0\u00bboff\u00a0\u00bb make_fullwidth=\u00a0\u00bboff\u00a0\u00bb use_custom_width=\u00a0\u00bboff\u00a0\u00bb width_unit=\u00a0\u00bbon\u00a0\u00bb make_equal=\u00a0\u00bboff\u00a0\u00bb use_custom_gutter=\u00a0\u00bboff\u00a0\u00bb][et_pb_row admin_label=\u00a0\u00bbrow\u00a0\u00bb make_fullwidth=\u00a0\u00bboff\u00a0\u00bb use_custom_width=\u00a0\u00bboff\u00a0\u00bb width_unit=\u00a0\u00bbon\u00a0\u00bb use_custom_gutter=\u00a0\u00bboff\u00a0\u00bb background_color=\u00a0\u00bb#ffffff\u00a0\u00bb allow_player_pause=\u00a0\u00bboff\u00a0\u00bb parallax=\u00a0\u00bboff\u00a0\u00bb parallax_method=\u00a0\u00bboff\u00a0\u00bb make_equal=\u00a0\u00bboff\u00a0\u00bb parallax_1=\u00a0\u00bboff\u00a0\u00bb parallax_method_1=\u00a0\u00bboff\u00a0\u00bb][et_pb_column type=\u00a0\u00bb4_4&Prime;][et_pb_text admin_label=\u00a0\u00bbTexte\u00a0\u00bb background_layout=\u00a0\u00bblight\u00a0\u00bb text_orientation=\u00a0\u00bbleft\u00a0\u00bb use_border_color=\u00a0\u00bboff\u00a0\u00bb border_color=\u00a0\u00bb#ffffff\u00a0\u00bb border_style=\u00a0\u00bbsolid\u00a0\u00bb]<\/p>\n<p style=\"text-align: center;\"><strong>Un sujet vous int\u00e9resse ?<\/strong><br \/>\n<strong> Vous avez un projet proche et souhaitez une adaptation ?<\/strong><\/p>\n<p style=\"text-align: center;\">&#8212;<\/p>\n<p>N&rsquo;h\u00e9sitez plus, contacter Eric au 06.51.50.99.53 ou sur eric@art-et-culture-du-monde.fr<\/p>\n<p>Le descriptif de notre offre ainsi qu&rsquo;un devis vous serons transmis dans les meilleurs d\u00e9lais. D\u00e8s que le devis est agr\u00e9\u00e9, nous mettons tout en place pour que vous puissiez recevoir les panneaux en temps et en heure. L&rsquo;exposition termin\u00e9e, renvoyez les panneaux, et voil\u00e0 !<\/p>\n<p>Nous fournissons le syst\u00e8me d&rsquo;accroche. Le cas \u00e9ch\u00e9ant, nous pouvons l&rsquo;adapter \u00e0 vos contraintes d&rsquo;accrochage.<\/p>\n<p>Enfin, si vous pr\u00e9voyez une exposition de longue dur\u00e9e, pensez \u00e0 l&rsquo;achat des panneaux.<\/p>\n<p><a href=\"http:\/\/art-et-culture-du-monde.fr\/blog\/\">Retour<\/a><\/p>\n<p>[\/et_pb_text][\/et_pb_column][\/et_pb_row][\/et_pb_section]<\/p>\n","protected":false},"excerpt":{"rendered":"<p>Un sujet vous int\u00e9resse ? Vous avez un projet proche et souhaitez une adaptation ? &#8212; N&rsquo;h\u00e9sitez plus, contacter Eric au 06.51.50.99.53 ou sur eric@art-et-culture-du-monde.fr Le descriptif de notre offre ainsi qu&rsquo;un devis vous serons transmis dans les meilleurs d\u00e9lais. D\u00e8s que le devis est agr\u00e9\u00e9, nous mettons tout en place pour que vous puissiez [&hellip;]<\/p>\n","protected":false},"author":1,"featured_media":0,"parent":0,"menu_order":0,"comment_status":"closed","ping_status":"closed","template":"","meta":{"_et_pb_use_builder":"on","_et_pb_old_content":"<p>Un sujet vous int\u00e9resse ?<br \/> Vous avez un projet proche et souhaitez une adaptation ?<\/p><p>N'h\u00e9sitez plus, contacter Eric au 06.51.50.99.53 ou sur eric@art-et-culture-du-monde.fr<\/p><p>Le descriptif de notre offre ainsi qu'un devis vous serons transmis dans les meilleurs d\u00e9lais.<\/p><p><a href=\"http:\/\/art-et-culture-du-monde.fr\/blog\/\">Retour<\/a><\/p>","_et_gb_content_width":"","footnotes":""},"class_list":["post-842","page","type-page","status-publish","hentry"],"yoast_head":"<!-- This site is optimized with the Yoast SEO plugin v27.2 - https:\/\/yoast.com\/product\/yoast-seo-wordpress\/ -->\n<title>Accueillir une location d&#039;exposition de Art et Culture du Monde<\/title>\n<meta name=\"description\" content=\"Comment accueillir une location d&#039;exposition ? Quelles d\u00e9marches ? Qui contacter ? Toute la proc\u00e9dure (simple) \u00e0 suivre est d\u00e9crite.\" \/>\n<meta name=\"robots\" content=\"index, follow, max-snippet:-1, max-image-preview:large, max-video-preview:-1\" \/>\n<link rel=\"canonical\" href=\"https:\/\/art-et-culture-du-monde.fr\/blog\/accueillir-une-exposition\/\" \/>\n<meta property=\"og:locale\" content=\"fr_FR\" \/>\n<meta property=\"og:type\" content=\"article\" \/>\n<meta property=\"og:title\" content=\"Accueillir une location d&#039;exposition de Art et Culture du Monde\" \/>\n<meta property=\"og:description\" content=\"Comment accueillir une location d&#039;exposition ? Quelles d\u00e9marches ? Qui contacter ? Toute la proc\u00e9dure (simple) \u00e0 suivre est d\u00e9crite.\" \/>\n<meta property=\"og:url\" content=\"https:\/\/art-et-culture-du-monde.fr\/blog\/accueillir-une-exposition\/\" \/>\n<meta property=\"og:site_name\" content=\"La Nature d&#039;Eric\" \/>\n<meta property=\"article:publisher\" content=\"https:\/\/www.facebook.com\/Art-et-Culture-du-Monde-ACM-175103796680\/\" \/>\n<meta property=\"article:modified_time\" content=\"2018-01-09T23:07:27+00:00\" \/>\n<meta name=\"twitter:card\" content=\"summary_large_image\" \/>\n<meta name=\"twitter:label1\" content=\"Dur\u00e9e de lecture estim\u00e9e\" \/>\n\t<meta name=\"twitter:data1\" content=\"1 minute\" \/>\n<script type=\"application\/ld+json\" class=\"yoast-schema-graph\">{\"@context\":\"https:\/\/schema.org\",\"@graph\":[{\"@type\":\"WebPage\",\"@id\":\"https:\/\/art-et-culture-du-monde.fr\/blog\/accueillir-une-exposition\/\",\"url\":\"https:\/\/art-et-culture-du-monde.fr\/blog\/accueillir-une-exposition\/\",\"name\":\"Accueillir une location d'exposition de Art et Culture du Monde\",\"isPartOf\":{\"@id\":\"https:\/\/art-et-culture-du-monde.fr\/blog\/#website\"},\"datePublished\":\"2017-02-15T14:46:56+00:00\",\"dateModified\":\"2018-01-09T23:07:27+00:00\",\"description\":\"Comment accueillir une location d'exposition ? Quelles d\u00e9marches ? Qui contacter ? Toute la proc\u00e9dure (simple) \u00e0 suivre est d\u00e9crite.\",\"breadcrumb\":{\"@id\":\"https:\/\/art-et-culture-du-monde.fr\/blog\/accueillir-une-exposition\/#breadcrumb\"},\"inLanguage\":\"fr-FR\",\"potentialAction\":[{\"@type\":\"ReadAction\",\"target\":[\"https:\/\/art-et-culture-du-monde.fr\/blog\/accueillir-une-exposition\/\"]}]},{\"@type\":\"BreadcrumbList\",\"@id\":\"https:\/\/art-et-culture-du-monde.fr\/blog\/accueillir-une-exposition\/#breadcrumb\",\"itemListElement\":[{\"@type\":\"ListItem\",\"position\":1,\"name\":\"Accueil\",\"item\":\"https:\/\/art-et-culture-du-monde.fr\/blog\/\"},{\"@type\":\"ListItem\",\"position\":2,\"name\":\"Accueillir une exposition\"}]},{\"@type\":\"WebSite\",\"@id\":\"https:\/\/art-et-culture-du-monde.fr\/blog\/#website\",\"url\":\"https:\/\/art-et-culture-du-monde.fr\/blog\/\",\"name\":\"La Nature d&#039;Eric\",\"description\":\"D\u00e9couvrir - Partager - Pr\u00e9server\",\"potentialAction\":[{\"@type\":\"SearchAction\",\"target\":{\"@type\":\"EntryPoint\",\"urlTemplate\":\"https:\/\/art-et-culture-du-monde.fr\/blog\/?s={search_term_string}\"},\"query-input\":{\"@type\":\"PropertyValueSpecification\",\"valueRequired\":true,\"valueName\":\"search_term_string\"}}],\"inLanguage\":\"fr-FR\"}]}<\/script>\n<!-- \/ Yoast SEO plugin. -->","yoast_head_json":{"title":"Accueillir une location d'exposition de Art et Culture du Monde","description":"Comment accueillir une location d'exposition ? Quelles d\u00e9marches ? Qui contacter ? Toute la proc\u00e9dure (simple) \u00e0 suivre est d\u00e9crite.","robots":{"index":"index","follow":"follow","max-snippet":"max-snippet:-1","max-image-preview":"max-image-preview:large","max-video-preview":"max-video-preview:-1"},"canonical":"https:\/\/art-et-culture-du-monde.fr\/blog\/accueillir-une-exposition\/","og_locale":"fr_FR","og_type":"article","og_title":"Accueillir une location d'exposition de Art et Culture du Monde","og_description":"Comment accueillir une location d'exposition ? Quelles d\u00e9marches ? Qui contacter ? Toute la proc\u00e9dure (simple) \u00e0 suivre est d\u00e9crite.","og_url":"https:\/\/art-et-culture-du-monde.fr\/blog\/accueillir-une-exposition\/","og_site_name":"La Nature d&#039;Eric","article_publisher":"https:\/\/www.facebook.com\/Art-et-Culture-du-Monde-ACM-175103796680\/","article_modified_time":"2018-01-09T23:07:27+00:00","twitter_card":"summary_large_image","twitter_misc":{"Dur\u00e9e de lecture estim\u00e9e":"1 minute"},"schema":{"@context":"https:\/\/schema.org","@graph":[{"@type":"WebPage","@id":"https:\/\/art-et-culture-du-monde.fr\/blog\/accueillir-une-exposition\/","url":"https:\/\/art-et-culture-du-monde.fr\/blog\/accueillir-une-exposition\/","name":"Accueillir une location d'exposition de Art et Culture du Monde","isPartOf":{"@id":"https:\/\/art-et-culture-du-monde.fr\/blog\/#website"},"datePublished":"2017-02-15T14:46:56+00:00","dateModified":"2018-01-09T23:07:27+00:00","description":"Comment accueillir une location d'exposition ? Quelles d\u00e9marches ? Qui contacter ? Toute la proc\u00e9dure (simple) \u00e0 suivre est d\u00e9crite.","breadcrumb":{"@id":"https:\/\/art-et-culture-du-monde.fr\/blog\/accueillir-une-exposition\/#breadcrumb"},"inLanguage":"fr-FR","potentialAction":[{"@type":"ReadAction","target":["https:\/\/art-et-culture-du-monde.fr\/blog\/accueillir-une-exposition\/"]}]},{"@type":"BreadcrumbList","@id":"https:\/\/art-et-culture-du-monde.fr\/blog\/accueillir-une-exposition\/#breadcrumb","itemListElement":[{"@type":"ListItem","position":1,"name":"Accueil","item":"https:\/\/art-et-culture-du-monde.fr\/blog\/"},{"@type":"ListItem","position":2,"name":"Accueillir une exposition"}]},{"@type":"WebSite","@id":"https:\/\/art-et-culture-du-monde.fr\/blog\/#website","url":"https:\/\/art-et-culture-du-monde.fr\/blog\/","name":"La Nature d&#039;Eric","description":"D\u00e9couvrir - Partager - Pr\u00e9server","potentialAction":[{"@type":"SearchAction","target":{"@type":"EntryPoint","urlTemplate":"https:\/\/art-et-culture-du-monde.fr\/blog\/?s={search_term_string}"},"query-input":{"@type":"PropertyValueSpecification","valueRequired":true,"valueName":"search_term_string"}}],"inLanguage":"fr-FR"}]}},"jetpack-related-posts":[],"jetpack_sharing_enabled":true,"_links":{"self":[{"href":"https:\/\/art-et-culture-du-monde.fr\/blog\/wp-json\/wp\/v2\/pages\/842","targetHints":{"allow":["GET"]}}],"collection":[{"href":"https:\/\/art-et-culture-du-monde.fr\/blog\/wp-json\/wp\/v2\/pages"}],"about":[{"href":"https:\/\/art-et-culture-du-monde.fr\/blog\/wp-json\/wp\/v2\/types\/page"}],"author":[{"embeddable":true,"href":"https:\/\/art-et-culture-du-monde.fr\/blog\/wp-json\/wp\/v2\/users\/1"}],"replies":[{"embeddable":true,"href":"https:\/\/art-et-culture-du-monde.fr\/blog\/wp-json\/wp\/v2\/comments?post=842"}],"version-history":[{"count":8,"href":"https:\/\/art-et-culture-du-monde.fr\/blog\/wp-json\/wp\/v2\/pages\/842\/revisions"}],"predecessor-version":[{"id":1322,"href":"https:\/\/art-et-culture-du-monde.fr\/blog\/wp-json\/wp\/v2\/pages\/842\/revisions\/1322"}],"wp:attachment":[{"href":"https:\/\/art-et-culture-du-monde.fr\/blog\/wp-json\/wp\/v2\/media?parent=842"}],"curies":[{"name":"wp","href":"https:\/\/api.w.org\/{rel}","templated":true}]}}