{"id":736,"date":"2017-02-08T16:54:35","date_gmt":"2017-02-08T15:54:35","guid":{"rendered":"http:\/\/art-et-culture-du-monde.fr\/blog\/?page_id=736"},"modified":"2018-08-30T19:44:59","modified_gmt":"2018-08-30T17:44:59","slug":"rapaces-nocturnes-le-monde-de-la-nuit","status":"publish","type":"page","link":"https:\/\/art-et-culture-du-monde.fr\/blog\/rapaces-nocturnes-le-monde-de-la-nuit\/","title":{"rendered":"Rapaces nocturnes : Le monde de la nuit"},"content":{"rendered":"<p>[et_pb_section bb_built=\u00a0\u00bb1&Prime; admin_label=\u00a0\u00bbsection\u00a0\u00bb transparent_background=\u00a0\u00bboff\u00a0\u00bb background_color=\u00a0\u00bbrgba(124,226,77,0.54)\u00a0\u00bb allow_player_pause=\u00a0\u00bboff\u00a0\u00bb inner_shadow=\u00a0\u00bboff\u00a0\u00bb parallax=\u00a0\u00bboff\u00a0\u00bb parallax_method=\u00a0\u00bboff\u00a0\u00bb make_fullwidth=\u00a0\u00bboff\u00a0\u00bb use_custom_width=\u00a0\u00bboff\u00a0\u00bb width_unit=\u00a0\u00bbon\u00a0\u00bb custom_width_px=\u00a0\u00bb1080px\u00a0\u00bb custom_width_percent=\u00a0\u00bb80%\u00a0\u00bb make_equal=\u00a0\u00bboff\u00a0\u00bb use_custom_gutter=\u00a0\u00bboff\u00a0\u00bb fullwidth=\u00a0\u00bboff\u00a0\u00bb specialty=\u00a0\u00bboff\u00a0\u00bb disabled=\u00a0\u00bboff\u00a0\u00bb][et_pb_row admin_label=\u00a0\u00bbrow\u00a0\u00bb make_fullwidth=\u00a0\u00bboff\u00a0\u00bb use_custom_width=\u00a0\u00bboff\u00a0\u00bb width_unit=\u00a0\u00bbon\u00a0\u00bb custom_width_px=\u00a0\u00bb1080px\u00a0\u00bb custom_width_percent=\u00a0\u00bb80%\u00a0\u00bb use_custom_gutter=\u00a0\u00bboff\u00a0\u00bb gutter_width=\u00a0\u00bb3&Prime; background_color=\u00a0\u00bb#ffffff\u00a0\u00bb allow_player_pause=\u00a0\u00bboff\u00a0\u00bb parallax=\u00a0\u00bboff\u00a0\u00bb parallax_method=\u00a0\u00bboff\u00a0\u00bb make_equal=\u00a0\u00bboff\u00a0\u00bb parallax_1=\u00a0\u00bboff\u00a0\u00bb parallax_method_1=\u00a0\u00bboff\u00a0\u00bb parallax_2=\u00a0\u00bboff\u00a0\u00bb parallax_method_2=\u00a0\u00bbon\u00a0\u00bb parallax_3=\u00a0\u00bboff\u00a0\u00bb parallax_method_3=\u00a0\u00bbon\u00a0\u00bb parallax_4=\u00a0\u00bboff\u00a0\u00bb parallax_method_4=\u00a0\u00bbon\u00a0\u00bb disabled=\u00a0\u00bboff\u00a0\u00bb background_position=\u00a0\u00bbtop_left\u00a0\u00bb background_repeat=\u00a0\u00bbrepeat\u00a0\u00bb background_size=\u00a0\u00bbinitial\u00a0\u00bb][et_pb_column type=\u00a0\u00bb4_4&Prime;][et_pb_text background_layout=\u00a0\u00bblight\u00a0\u00bb text_orientation=\u00a0\u00bbleft\u00a0\u00bb background_color=\u00a0\u00bb#7cda24&Prime; use_border_color=\u00a0\u00bboff\u00a0\u00bb border_color=\u00a0\u00bb#ffffff\u00a0\u00bb border_style=\u00a0\u00bbsolid\u00a0\u00bb background_position=\u00a0\u00bbtop_left\u00a0\u00bb background_repeat=\u00a0\u00bbrepeat\u00a0\u00bb background_size=\u00a0\u00bbinitial\u00a0\u00bb]<\/p>\n<p style=\"text-align: center;\">&#8211;<\/p>\n<h2 style=\"text-align: center;\">Rapaces nocturnes: Le monde de la nuit<\/h2>\n<p style=\"text-align: center;\">&#8211;<\/p>\n<p>[\/et_pb_text][et_pb_text use_border_color=\u00a0\u00bboff\u00a0\u00bb disabled=\u00a0\u00bboff\u00a0\u00bb background_position=\u00a0\u00bbtop_left\u00a0\u00bb background_repeat=\u00a0\u00bbrepeat\u00a0\u00bb background_size=\u00a0\u00bbinitial\u00a0\u00bb _builder_version=\u00a0\u00bb3.12&Prime;]<\/p>\n<p><span style=\"font-size: large;\">Les rapaces nocturnes : Divinis\u00e9s dans l&rsquo;antiquit\u00e9, puis, \u00e0 une \u00e9poque r\u00e9cente clou\u00e9s sur les portes des granges, l&rsquo;estime port\u00e9e \u00e0 ces magnifiques oiseaux a connue de singuli\u00e8res variations !<\/span><\/p>\n<p><span style=\"font-size: large;\">R\u00e9cemment revenu sur le devant de la sc\u00e8ne avec des films comme ceux de la s\u00e9rie Harry Potter, les rapaces nocturnes restent m\u00e9connus et incompris. Bien que notre \u00e8re se dise \u00ab\u00a0moderne\u00a0\u00bb, la crainte de la nuit est belle et bien pr\u00e9sente. D&rsquo;un autre c\u00f4t\u00e9, il faut parfois mod\u00e9rer les passionn\u00e9s qui oublient parfois que ce sont des animaux sauvages et non des peluches !<br \/>\n<\/span><\/p>\n<p>&nbsp;<\/p>\n<p><span style=\"font-size: large;\"><a href=\"http:\/\/art-et-culture-du-monde.fr\/blog\/wp-content\/uploads\/2017\/02\/cropped-Cheveche.jpg\"><img loading=\"lazy\" decoding=\"async\" class=\"alignnone size-thumbnail wp-image-987\" src=\"http:\/\/art-et-culture-du-monde.fr\/blog\/wp-content\/uploads\/2017\/02\/cropped-Cheveche-150x150.jpg\" alt=\"Rapaces nocturnes: Chouette Chev\u00eache\" width=\"150\" height=\"150\" srcset=\"https:\/\/art-et-culture-du-monde.fr\/blog\/wp-content\/uploads\/2017\/02\/cropped-Cheveche-150x150.jpg 150w, https:\/\/art-et-culture-du-monde.fr\/blog\/wp-content\/uploads\/2017\/02\/cropped-Cheveche-300x300.jpg 300w, https:\/\/art-et-culture-du-monde.fr\/blog\/wp-content\/uploads\/2017\/02\/cropped-Cheveche-270x270.jpg 270w, https:\/\/art-et-culture-du-monde.fr\/blog\/wp-content\/uploads\/2017\/02\/cropped-Cheveche-192x192.jpg 192w, https:\/\/art-et-culture-du-monde.fr\/blog\/wp-content\/uploads\/2017\/02\/cropped-Cheveche-180x180.jpg 180w, https:\/\/art-et-culture-du-monde.fr\/blog\/wp-content\/uploads\/2017\/02\/cropped-Cheveche-32x32.jpg 32w, https:\/\/art-et-culture-du-monde.fr\/blog\/wp-content\/uploads\/2017\/02\/cropped-Cheveche.jpg 512w\" sizes=\"(max-width: 150px) 100vw, 150px\" \/><\/a> <a href=\"http:\/\/art-et-culture-du-monde.fr\/blog\/wp-content\/uploads\/2017\/02\/MG_8463-rec-ret.jpg\"><img loading=\"lazy\" decoding=\"async\" class=\"alignnone size-thumbnail wp-image-1140\" src=\"http:\/\/art-et-culture-du-monde.fr\/blog\/wp-content\/uploads\/2017\/02\/MG_8463-rec-ret-150x150.jpg\" alt=\"Rapaces nocturnes: Chouette Lapone\" width=\"150\" height=\"150\" srcset=\"https:\/\/art-et-culture-du-monde.fr\/blog\/wp-content\/uploads\/2017\/02\/MG_8463-rec-ret-150x150.jpg 150w, https:\/\/art-et-culture-du-monde.fr\/blog\/wp-content\/uploads\/2017\/02\/MG_8463-rec-ret-300x300.jpg 300w, https:\/\/art-et-culture-du-monde.fr\/blog\/wp-content\/uploads\/2017\/02\/MG_8463-rec-ret-100x100.jpg 100w\" sizes=\"(max-width: 150px) 100vw, 150px\" \/><\/a> <a href=\"http:\/\/art-et-culture-du-monde.fr\/blog\/wp-content\/uploads\/2016\/08\/chouette-effraie-red.jpg\"><img loading=\"lazy\" decoding=\"async\" class=\"alignnone size-thumbnail wp-image-612\" src=\"http:\/\/art-et-culture-du-monde.fr\/blog\/wp-content\/uploads\/2016\/08\/chouette-effraie-red-150x150.jpg\" alt=\"Rapaces nocturnes: Chouette effraie\" width=\"150\" height=\"150\" srcset=\"https:\/\/art-et-culture-du-monde.fr\/blog\/wp-content\/uploads\/2016\/08\/chouette-effraie-red-150x150.jpg 150w, https:\/\/art-et-culture-du-monde.fr\/blog\/wp-content\/uploads\/2016\/08\/chouette-effraie-red-300x300.jpg 300w, https:\/\/art-et-culture-du-monde.fr\/blog\/wp-content\/uploads\/2016\/08\/chouette-effraie-red-100x100.jpg 100w\" sizes=\"(max-width: 150px) 100vw, 150px\" \/><\/a>&nbsp;<a href=\"http:\/\/art-et-culture-du-monde.fr\/blog\/wp-content\/uploads\/2017\/02\/MG_8426-rec-ret.jpg\"><img loading=\"lazy\" decoding=\"async\" class=\"alignnone size-thumbnail wp-image-1151\" src=\"http:\/\/art-et-culture-du-monde.fr\/blog\/wp-content\/uploads\/2017\/02\/MG_8426-rec-ret-150x150.jpg\" alt=\"Rapaces nocturnes: Chouettes\" width=\"150\" height=\"150\" srcset=\"https:\/\/art-et-culture-du-monde.fr\/blog\/wp-content\/uploads\/2017\/02\/MG_8426-rec-ret-150x150.jpg 150w, https:\/\/art-et-culture-du-monde.fr\/blog\/wp-content\/uploads\/2017\/02\/MG_8426-rec-ret-300x300.jpg 300w, https:\/\/art-et-culture-du-monde.fr\/blog\/wp-content\/uploads\/2017\/02\/MG_8426-rec-ret-100x100.jpg 100w\" sizes=\"(max-width: 150px) 100vw, 150px\" \/><\/a> <a href=\"http:\/\/art-et-culture-du-monde.fr\/blog\/wp-content\/uploads\/2017\/02\/MG_8421-rec-ret.jpg\"><img loading=\"lazy\" decoding=\"async\" class=\"alignnone size-thumbnail wp-image-1152\" src=\"http:\/\/art-et-culture-du-monde.fr\/blog\/wp-content\/uploads\/2017\/02\/MG_8421-rec-ret-150x150.jpg\" alt=\"Rapaces nocturnes: Chouette de l'Oural\" width=\"150\" height=\"150\" srcset=\"https:\/\/art-et-culture-du-monde.fr\/blog\/wp-content\/uploads\/2017\/02\/MG_8421-rec-ret-150x150.jpg 150w, https:\/\/art-et-culture-du-monde.fr\/blog\/wp-content\/uploads\/2017\/02\/MG_8421-rec-ret-300x300.jpg 300w, https:\/\/art-et-culture-du-monde.fr\/blog\/wp-content\/uploads\/2017\/02\/MG_8421-rec-ret-100x100.jpg 100w\" sizes=\"(max-width: 150px) 100vw, 150px\" \/><\/a><\/span><\/p>\n<p><span style=\"font-size: large;\">Apprenons simplement \u00e0 les conna\u00eetre, sans a priori:<\/span><\/p>\n<ul>\n<li><span style=\"font-size: large;\">&nbsp;vol silencieux, comment ?<\/span><\/li>\n<li><span style=\"font-size: large;\">r\u00e9gime alimentaire<\/span><\/li>\n<li><span style=\"font-size: large;\">les menaces et difficult\u00e9s<\/span><\/li>\n<li><span style=\"font-size: large;\">pourquoi en avons-nous parfois peur ?<\/span><\/li>\n<li><span style=\"font-size: large;\">mais, au fait, pourquoi les aider ? <\/span><\/li>\n<\/ul>\n<p><span style=\"font-size: large;\">L&rsquo;exposition en location et\/ou l&rsquo;intervention vous permettront d&rsquo;ouvrir les yeux sur ce monde de la nuit. Vous ne verrez plus arriver le soir de la m\u00eame fa\u00e7on !<br \/>\n<\/span><\/p>\n<p>&nbsp;<\/p>\n<p><span style=\"font-size: large;\">&nbsp;<a href=\"http:\/\/art-et-culture-du-monde.fr\/blog\/wp-content\/uploads\/2017\/03\/IMG_2915-red.jpg\"><img loading=\"lazy\" decoding=\"async\" class=\"size-medium wp-image-1195 aligncenter\" src=\"http:\/\/art-et-culture-du-monde.fr\/blog\/wp-content\/uploads\/2017\/03\/IMG_2915-red-300x219.jpg\" alt=\"Rapaces nocturnes: Chouette Harfang (Dessin E.Mourniac)\" width=\"300\" height=\"219\" srcset=\"https:\/\/art-et-culture-du-monde.fr\/blog\/wp-content\/uploads\/2017\/03\/IMG_2915-red-300x219.jpg 300w, https:\/\/art-et-culture-du-monde.fr\/blog\/wp-content\/uploads\/2017\/03\/IMG_2915-red-600x437.jpg 600w, https:\/\/art-et-culture-du-monde.fr\/blog\/wp-content\/uploads\/2017\/03\/IMG_2915-red-768x560.jpg 768w, https:\/\/art-et-culture-du-monde.fr\/blog\/wp-content\/uploads\/2017\/03\/IMG_2915-red.jpg 800w\" sizes=\"(max-width: 300px) 100vw, 300px\" \/><\/a><\/span> &nbsp; <a href='http:\/\/art-et-culture-du-monde.fr\/blog\/wp-content\/uploads\/2017\/08\/Fiche-monde-de-la-nuit.pdf' class='small-button smallblue' target=\"_blank\"><span style=\"font-size: large;\"> Fiche t\u00e9l\u00e9chargeable de l&rsquo;exposition<\/a><\/p>\n<p>[\/et_pb_text][et_pb_text use_border_color=\u00a0\u00bboff\u00a0\u00bb custom_padding=\u00a0\u00bb|140px||140px\u00a0\u00bb custom_padding_phone=\u00a0\u00bb|20px||20px\u00a0\u00bb custom_padding_last_edited=\u00a0\u00bbon|phone\u00a0\u00bb background_color=\u00a0\u00bb#7cda24&Prime; saved_tabs=\u00a0\u00bball\u00a0\u00bb background_position=\u00a0\u00bbtop_left\u00a0\u00bb background_repeat=\u00a0\u00bbrepeat\u00a0\u00bb background_size=\u00a0\u00bbinitial\u00a0\u00bb _builder_version=\u00a0\u00bb3.12&Prime;]<\/p>\n<p style=\"text-align: center;\">&#8211;<\/p>\n<p style=\"text-align: center;\"><a href='http:\/\/art-et-culture-du-monde.fr\/blog\/nos-actions\/location-dexposition\/' class='small-button smallblue'><span style=\"font-size: large;\"> Retour vers la page location d&rsquo;expositions<\/a>\n<\/p>\n<p style=\"text-align: center;\"><a href='http:\/\/art-et-culture-du-monde.fr\/blog\/animations\/' class='small-button smallblue'><span style=\"font-size: large;\">Retour vers la page Rencontres<\/a>\n<\/p>\n<p style=\"text-align: center;\">&#8211;<\/p>\n<p>[\/et_pb_text][\/et_pb_column][\/et_pb_row][\/et_pb_section]<\/p>\n","protected":false},"excerpt":{"rendered":"<p>&#8211; Rapaces nocturnes: Le monde de la nuit &#8211; Les rapaces nocturnes : Divinis\u00e9s dans l&rsquo;antiquit\u00e9, puis, \u00e0 une \u00e9poque r\u00e9cente clou\u00e9s sur les portes des granges, l&rsquo;estime port\u00e9e \u00e0 ces magnifiques oiseaux a connue de singuli\u00e8res variations ! R\u00e9cemment revenu sur le devant de la sc\u00e8ne avec des films comme ceux de la s\u00e9rie [&hellip;]<\/p>\n","protected":false},"author":1,"featured_media":0,"parent":0,"menu_order":0,"comment_status":"closed","ping_status":"closed","template":"","meta":{"_et_pb_use_builder":"on","_et_pb_old_content":"<p>Divinis\u00e9s dans l'antiquit\u00e9, puis, \u00e0 une \u00e9poque r\u00e9cente clou\u00e9s sur les portes des granges, l'estime port\u00e9e \u00e0 ces magnifiques oiseaux a connue de singuli\u00e8re variations!<\/p><p>Apprenons simplement \u00e0 les conna\u00eetre, sans a priori.<\/p><p><a href=\"http:\/\/art-et-culture-du-monde.fr\/blog\/nos-actions\/location-dexposition\/\">Retour vers la page location d'exposition<\/a><\/p><p><a href=\"http:\/\/art-et-culture-du-monde.fr\/blog\/animations\/\">Retour vers la page Rencontres<\/a><\/p><p>\u00a0<\/p>","_et_gb_content_width":"","footnotes":""},"class_list":["post-736","page","type-page","status-publish","hentry"],"yoast_head":"<!-- This site is optimized with the Yoast SEO plugin v27.2 - https:\/\/yoast.com\/product\/yoast-seo-wordpress\/ -->\n<title>Rapaces nocturnes : Le monde de la nuit - La Nature d&#039;Eric<\/title>\n<meta name=\"description\" content=\"Divinis\u00e9s ou d\u00e9test\u00e9s, les rapaces nocturnes ont connu ou connaissent des r\u00e9putations tr\u00e8s variables suivant les \u00e9poques et les endroits.\" \/>\n<meta name=\"robots\" content=\"index, follow, max-snippet:-1, max-image-preview:large, max-video-preview:-1\" \/>\n<link rel=\"canonical\" href=\"https:\/\/art-et-culture-du-monde.fr\/blog\/rapaces-nocturnes-le-monde-de-la-nuit\/\" \/>\n<meta property=\"og:locale\" content=\"fr_FR\" \/>\n<meta property=\"og:type\" content=\"article\" \/>\n<meta property=\"og:title\" content=\"Rapaces nocturnes : Le monde de la nuit - La Nature d&#039;Eric\" \/>\n<meta property=\"og:description\" content=\"Divinis\u00e9s ou d\u00e9test\u00e9s, les rapaces nocturnes ont connu ou connaissent des r\u00e9putations tr\u00e8s variables suivant les \u00e9poques et les endroits.\" \/>\n<meta property=\"og:url\" content=\"https:\/\/art-et-culture-du-monde.fr\/blog\/rapaces-nocturnes-le-monde-de-la-nuit\/\" \/>\n<meta property=\"og:site_name\" content=\"La Nature d&#039;Eric\" \/>\n<meta property=\"article:publisher\" content=\"https:\/\/www.facebook.com\/Art-et-Culture-du-Monde-ACM-175103796680\/\" \/>\n<meta property=\"article:modified_time\" content=\"2018-08-30T17:44:59+00:00\" \/>\n<meta property=\"og:image\" content=\"http:\/\/art-et-culture-du-monde.fr\/blog\/wp-content\/uploads\/2017\/02\/cropped-Cheveche-150x150.jpg\" \/>\n<meta name=\"twitter:card\" content=\"summary_large_image\" \/>\n<meta name=\"twitter:label1\" content=\"Dur\u00e9e de lecture estim\u00e9e\" \/>\n\t<meta name=\"twitter:data1\" content=\"2 minutes\" \/>\n<script type=\"application\/ld+json\" class=\"yoast-schema-graph\">{\"@context\":\"https:\/\/schema.org\",\"@graph\":[{\"@type\":\"WebPage\",\"@id\":\"https:\/\/art-et-culture-du-monde.fr\/blog\/rapaces-nocturnes-le-monde-de-la-nuit\/\",\"url\":\"https:\/\/art-et-culture-du-monde.fr\/blog\/rapaces-nocturnes-le-monde-de-la-nuit\/\",\"name\":\"Rapaces nocturnes : Le monde de la nuit - La Nature d&#039;Eric\",\"isPartOf\":{\"@id\":\"https:\/\/art-et-culture-du-monde.fr\/blog\/#website\"},\"primaryImageOfPage\":{\"@id\":\"https:\/\/art-et-culture-du-monde.fr\/blog\/rapaces-nocturnes-le-monde-de-la-nuit\/#primaryimage\"},\"image\":{\"@id\":\"https:\/\/art-et-culture-du-monde.fr\/blog\/rapaces-nocturnes-le-monde-de-la-nuit\/#primaryimage\"},\"thumbnailUrl\":\"http:\/\/art-et-culture-du-monde.fr\/blog\/wp-content\/uploads\/2017\/02\/cropped-Cheveche-150x150.jpg\",\"datePublished\":\"2017-02-08T15:54:35+00:00\",\"dateModified\":\"2018-08-30T17:44:59+00:00\",\"description\":\"Divinis\u00e9s ou d\u00e9test\u00e9s, les rapaces nocturnes ont connu ou connaissent des r\u00e9putations tr\u00e8s variables suivant les \u00e9poques et les endroits.\",\"breadcrumb\":{\"@id\":\"https:\/\/art-et-culture-du-monde.fr\/blog\/rapaces-nocturnes-le-monde-de-la-nuit\/#breadcrumb\"},\"inLanguage\":\"fr-FR\",\"potentialAction\":[{\"@type\":\"ReadAction\",\"target\":[\"https:\/\/art-et-culture-du-monde.fr\/blog\/rapaces-nocturnes-le-monde-de-la-nuit\/\"]}]},{\"@type\":\"ImageObject\",\"inLanguage\":\"fr-FR\",\"@id\":\"https:\/\/art-et-culture-du-monde.fr\/blog\/rapaces-nocturnes-le-monde-de-la-nuit\/#primaryimage\",\"url\":\"http:\/\/art-et-culture-du-monde.fr\/blog\/wp-content\/uploads\/2017\/02\/cropped-Cheveche-150x150.jpg\",\"contentUrl\":\"http:\/\/art-et-culture-du-monde.fr\/blog\/wp-content\/uploads\/2017\/02\/cropped-Cheveche-150x150.jpg\"},{\"@type\":\"BreadcrumbList\",\"@id\":\"https:\/\/art-et-culture-du-monde.fr\/blog\/rapaces-nocturnes-le-monde-de-la-nuit\/#breadcrumb\",\"itemListElement\":[{\"@type\":\"ListItem\",\"position\":1,\"name\":\"Accueil\",\"item\":\"https:\/\/art-et-culture-du-monde.fr\/blog\/\"},{\"@type\":\"ListItem\",\"position\":2,\"name\":\"Rapaces nocturnes : Le monde de la nuit\"}]},{\"@type\":\"WebSite\",\"@id\":\"https:\/\/art-et-culture-du-monde.fr\/blog\/#website\",\"url\":\"https:\/\/art-et-culture-du-monde.fr\/blog\/\",\"name\":\"La Nature d&#039;Eric\",\"description\":\"D\u00e9couvrir - Partager - Pr\u00e9server\",\"potentialAction\":[{\"@type\":\"SearchAction\",\"target\":{\"@type\":\"EntryPoint\",\"urlTemplate\":\"https:\/\/art-et-culture-du-monde.fr\/blog\/?s={search_term_string}\"},\"query-input\":{\"@type\":\"PropertyValueSpecification\",\"valueRequired\":true,\"valueName\":\"search_term_string\"}}],\"inLanguage\":\"fr-FR\"}]}<\/script>\n<!-- \/ Yoast SEO plugin. -->","yoast_head_json":{"title":"Rapaces nocturnes : Le monde de la nuit - La Nature d&#039;Eric","description":"Divinis\u00e9s ou d\u00e9test\u00e9s, les rapaces nocturnes ont connu ou connaissent des r\u00e9putations tr\u00e8s variables suivant les \u00e9poques et les endroits.","robots":{"index":"index","follow":"follow","max-snippet":"max-snippet:-1","max-image-preview":"max-image-preview:large","max-video-preview":"max-video-preview:-1"},"canonical":"https:\/\/art-et-culture-du-monde.fr\/blog\/rapaces-nocturnes-le-monde-de-la-nuit\/","og_locale":"fr_FR","og_type":"article","og_title":"Rapaces nocturnes : Le monde de la nuit - La Nature d&#039;Eric","og_description":"Divinis\u00e9s ou d\u00e9test\u00e9s, les rapaces nocturnes ont connu ou connaissent des r\u00e9putations tr\u00e8s variables suivant les \u00e9poques et les endroits.","og_url":"https:\/\/art-et-culture-du-monde.fr\/blog\/rapaces-nocturnes-le-monde-de-la-nuit\/","og_site_name":"La Nature d&#039;Eric","article_publisher":"https:\/\/www.facebook.com\/Art-et-Culture-du-Monde-ACM-175103796680\/","article_modified_time":"2018-08-30T17:44:59+00:00","og_image":[{"url":"http:\/\/art-et-culture-du-monde.fr\/blog\/wp-content\/uploads\/2017\/02\/cropped-Cheveche-150x150.jpg","type":"","width":"","height":""}],"twitter_card":"summary_large_image","twitter_misc":{"Dur\u00e9e de lecture estim\u00e9e":"2 minutes"},"schema":{"@context":"https:\/\/schema.org","@graph":[{"@type":"WebPage","@id":"https:\/\/art-et-culture-du-monde.fr\/blog\/rapaces-nocturnes-le-monde-de-la-nuit\/","url":"https:\/\/art-et-culture-du-monde.fr\/blog\/rapaces-nocturnes-le-monde-de-la-nuit\/","name":"Rapaces nocturnes : Le monde de la nuit - La Nature d&#039;Eric","isPartOf":{"@id":"https:\/\/art-et-culture-du-monde.fr\/blog\/#website"},"primaryImageOfPage":{"@id":"https:\/\/art-et-culture-du-monde.fr\/blog\/rapaces-nocturnes-le-monde-de-la-nuit\/#primaryimage"},"image":{"@id":"https:\/\/art-et-culture-du-monde.fr\/blog\/rapaces-nocturnes-le-monde-de-la-nuit\/#primaryimage"},"thumbnailUrl":"http:\/\/art-et-culture-du-monde.fr\/blog\/wp-content\/uploads\/2017\/02\/cropped-Cheveche-150x150.jpg","datePublished":"2017-02-08T15:54:35+00:00","dateModified":"2018-08-30T17:44:59+00:00","description":"Divinis\u00e9s ou d\u00e9test\u00e9s, les rapaces nocturnes ont connu ou connaissent des r\u00e9putations tr\u00e8s variables suivant les \u00e9poques et les endroits.","breadcrumb":{"@id":"https:\/\/art-et-culture-du-monde.fr\/blog\/rapaces-nocturnes-le-monde-de-la-nuit\/#breadcrumb"},"inLanguage":"fr-FR","potentialAction":[{"@type":"ReadAction","target":["https:\/\/art-et-culture-du-monde.fr\/blog\/rapaces-nocturnes-le-monde-de-la-nuit\/"]}]},{"@type":"ImageObject","inLanguage":"fr-FR","@id":"https:\/\/art-et-culture-du-monde.fr\/blog\/rapaces-nocturnes-le-monde-de-la-nuit\/#primaryimage","url":"http:\/\/art-et-culture-du-monde.fr\/blog\/wp-content\/uploads\/2017\/02\/cropped-Cheveche-150x150.jpg","contentUrl":"http:\/\/art-et-culture-du-monde.fr\/blog\/wp-content\/uploads\/2017\/02\/cropped-Cheveche-150x150.jpg"},{"@type":"BreadcrumbList","@id":"https:\/\/art-et-culture-du-monde.fr\/blog\/rapaces-nocturnes-le-monde-de-la-nuit\/#breadcrumb","itemListElement":[{"@type":"ListItem","position":1,"name":"Accueil","item":"https:\/\/art-et-culture-du-monde.fr\/blog\/"},{"@type":"ListItem","position":2,"name":"Rapaces nocturnes : Le monde de la nuit"}]},{"@type":"WebSite","@id":"https:\/\/art-et-culture-du-monde.fr\/blog\/#website","url":"https:\/\/art-et-culture-du-monde.fr\/blog\/","name":"La Nature d&#039;Eric","description":"D\u00e9couvrir - Partager - Pr\u00e9server","potentialAction":[{"@type":"SearchAction","target":{"@type":"EntryPoint","urlTemplate":"https:\/\/art-et-culture-du-monde.fr\/blog\/?s={search_term_string}"},"query-input":{"@type":"PropertyValueSpecification","valueRequired":true,"valueName":"search_term_string"}}],"inLanguage":"fr-FR"}]}},"jetpack-related-posts":[],"jetpack_sharing_enabled":true,"_links":{"self":[{"href":"https:\/\/art-et-culture-du-monde.fr\/blog\/wp-json\/wp\/v2\/pages\/736","targetHints":{"allow":["GET"]}}],"collection":[{"href":"https:\/\/art-et-culture-du-monde.fr\/blog\/wp-json\/wp\/v2\/pages"}],"about":[{"href":"https:\/\/art-et-culture-du-monde.fr\/blog\/wp-json\/wp\/v2\/types\/page"}],"author":[{"embeddable":true,"href":"https:\/\/art-et-culture-du-monde.fr\/blog\/wp-json\/wp\/v2\/users\/1"}],"replies":[{"embeddable":true,"href":"https:\/\/art-et-culture-du-monde.fr\/blog\/wp-json\/wp\/v2\/comments?post=736"}],"version-history":[{"count":25,"href":"https:\/\/art-et-culture-du-monde.fr\/blog\/wp-json\/wp\/v2\/pages\/736\/revisions"}],"predecessor-version":[{"id":2200,"href":"https:\/\/art-et-culture-du-monde.fr\/blog\/wp-json\/wp\/v2\/pages\/736\/revisions\/2200"}],"wp:attachment":[{"href":"https:\/\/art-et-culture-du-monde.fr\/blog\/wp-json\/wp\/v2\/media?parent=736"}],"curies":[{"name":"wp","href":"https:\/\/api.w.org\/{rel}","templated":true}]}}