{"id":6,"date":"2013-10-12T11:37:31","date_gmt":"2013-10-12T09:37:31","guid":{"rendered":"http:\/\/art-et-culture-du-monde.fr\/blog\/?page_id=6"},"modified":"2023-01-13T15:11:21","modified_gmt":"2023-01-13T14:11:21","slug":"a-propos-de-art-et-culture-du-monde","status":"publish","type":"page","link":"https:\/\/art-et-culture-du-monde.fr\/blog\/a-propos-de-art-et-culture-du-monde\/","title":{"rendered":"A propos de &#8230;"},"content":{"rendered":"<p>[et_pb_section fb_built=\u00a0\u00bb1&Prime; admin_label=\u00a0\u00bbsection\u00a0\u00bb _builder_version=\u00a0\u00bb4.16&Prime; background_color=\u00a0\u00bbrgba(124,226,77,0.54)\u00a0\u00bb transparent_background=\u00a0\u00bboff\u00a0\u00bb global_colors_info=\u00a0\u00bb{}\u00a0\u00bb][et_pb_row admin_label=\u00a0\u00bbrow\u00a0\u00bb _builder_version=\u00a0\u00bb4.16&Prime; background_size=\u00a0\u00bbinitial\u00a0\u00bb background_position=\u00a0\u00bbtop_left\u00a0\u00bb background_repeat=\u00a0\u00bbrepeat\u00a0\u00bb global_colors_info=\u00a0\u00bb{}\u00a0\u00bb][et_pb_column type=\u00a0\u00bb4_4&Prime; _builder_version=\u00a0\u00bb4.16&Prime; custom_padding=\u00a0\u00bb|||\u00a0\u00bb global_colors_info=\u00a0\u00bb{}\u00a0\u00bb custom_padding__hover=\u00a0\u00bb|||\u00a0\u00bb][et_pb_text admin_label=\u00a0\u00bbTexte\u00a0\u00bb _builder_version=\u00a0\u00bb4.19.4&Prime; text_font=\u00a0\u00bb||||||||\u00a0\u00bb text_text_color=\u00a0\u00bb#000000&Prime; text_font_size=\u00a0\u00bb18px\u00a0\u00bb background_color=\u00a0\u00bb#ffffff\u00a0\u00bb background_size=\u00a0\u00bbinitial\u00a0\u00bb background_position=\u00a0\u00bbtop_left\u00a0\u00bb background_repeat=\u00a0\u00bbrepeat\u00a0\u00bb text_orientation=\u00a0\u00bbjustified\u00a0\u00bb hover_enabled=\u00a0\u00bb0&Prime; use_border_color=\u00a0\u00bboff\u00a0\u00bb border_style=\u00a0\u00bbsolid\u00a0\u00bb global_colors_info=\u00a0\u00bb{}\u00a0\u00bb custom_margin=\u00a0\u00bb|10px||10px|false|false\u00a0\u00bb sticky_enabled=\u00a0\u00bb0&Prime;]<\/p>\n<h3 style=\"text-align: center;\"><\/h3>\n<h3 style=\"text-align: center;\"><strong>D\u00e9couvrir &#8211; Partager &#8211; Pr\u00e9server<\/strong><\/h3>\n<p>&nbsp;<\/p>\n<p class=\"et-fb-mce-line-break-holder\" style=\"text-align: center;\"><a href=\"..\/wp-content\/uploads\/2016\/07\/IMG_0392-20x30-red.jpg\"><img loading=\"lazy\" decoding=\"async\" class=\"alignnone size-medium wp-image-553\" src=\"..\/wp-content\/uploads\/2016\/07\/IMG_0392-20x30-red-300x200.jpg\" alt=\"IMG_0392 20x30 red\" width=\"300\" height=\"200\" srcset=\"https:\/\/art-et-culture-du-monde.fr\/blog\/wp-content\/uploads\/2016\/07\/IMG_0392-20x30-red-300x200.jpg 300w, https:\/\/art-et-culture-du-monde.fr\/blog\/wp-content\/uploads\/2016\/07\/IMG_0392-20x30-red-600x400.jpg 600w, https:\/\/art-et-culture-du-monde.fr\/blog\/wp-content\/uploads\/2016\/07\/IMG_0392-20x30-red-624x416.jpg 624w, https:\/\/art-et-culture-du-monde.fr\/blog\/wp-content\/uploads\/2016\/07\/IMG_0392-20x30-red.jpg 800w\" sizes=\"(max-width: 300px) 100vw, 300px\" \/><\/a><a href=\"..\/wp-content\/uploads\/2016\/08\/IMG_9648-red.jpg\"><img loading=\"lazy\" decoding=\"async\" class=\"alignnone size-medium wp-image-605\" src=\"..\/wp-content\/uploads\/2016\/08\/IMG_9648-red-300x200.jpg\" alt=\"IMG_9648 red\" width=\"300\" height=\"200\" srcset=\"https:\/\/art-et-culture-du-monde.fr\/blog\/wp-content\/uploads\/2016\/08\/IMG_9648-red-300x200.jpg 300w, https:\/\/art-et-culture-du-monde.fr\/blog\/wp-content\/uploads\/2016\/08\/IMG_9648-red-600x400.jpg 600w, https:\/\/art-et-culture-du-monde.fr\/blog\/wp-content\/uploads\/2016\/08\/IMG_9648-red-624x416.jpg 624w, https:\/\/art-et-culture-du-monde.fr\/blog\/wp-content\/uploads\/2016\/08\/IMG_9648-red.jpg 800w\" sizes=\"(max-width: 300px) 100vw, 300px\" \/><\/a><\/p>\n<p><span style=\"font-size: large;\">Merci de nous rendre visite ! Si comme moi vous aimez la Nature mais ne vous contentez pas d&rsquo;une vision simpliste. Si vous voulez conna\u00eetre, comprendre, mais aussi ressentir la beaut\u00e9 de ce qui nous entoure. Si vous voulez savoir prendre votre place sans prendre trop de place. Alors bienvenue !<\/span><\/p>\n<p><span style=\"font-size: large;\">\u00a0Je suis Eric, animateur, photographe, concepteur des expositions, et r\u00e9dacteur du site. Je r\u00e9ponds \u00e0 toutes vos demandes. Ci-dessus 2 photos \u00ab\u00a0de moi\u00a0\u00bb dont un autoportrait, \u00e0 vous de voir sur laquelle je suis ! Un indice: Il faisait -40\u00b0C !<\/span><\/p>\n<p><span style=\"font-size: large;\">Vous trouverez ici principalement des articles relatifs \u00e0 mes deux grandes passions (Grand Nord et Rapaces), mais aussi des domaines connexes, comme la for\u00eat. En g\u00e9n\u00e9ral je m&rsquo;efforce de r\u00e9pondre aux id\u00e9es re\u00e7ues, malheureusement monnaie courante, d\u00e8s qu&rsquo;on parle d&rsquo;environnement.<\/span><\/p>\n<p><span style=\"font-size: large;\">Install\u00e9 dans le Sud-Ouest de la France, j&rsquo;interviens partout dans le pays. Ing\u00e9nieur de formation, j&rsquo;ai aussi \u00e9t\u00e9 form\u00e9 \u00e0 l&rsquo;animation tous publics (BTS gestion et protection de la nature). Ainsi j&rsquo;allie pr\u00e9sentation et animation ludiques \u00e0 une grande rigueur.<\/span><\/p>\n<p><span style=\"font-size: large;\">Avec Karine, sp\u00e9cialiste de la d\u00e9coration des \u0153ufs, nous avons beaucoup voyag\u00e9 et nous souhaitons partager nos d\u00e9couvertes, pour, nous l&rsquo;esp\u00e9rons, susciter un d\u00e9sir de pr\u00e9servation volontaire et non pas contraint de nos plus belles traditions et de notre Nature.<strong><br \/><\/strong><\/span><\/p>\n<p>&nbsp;<\/p>\n<p>&nbsp;<\/p>\n<p class=\"et-fb-mce-line-break-holder\" style=\"text-align: center;\"><a href=\"..\/wp-content\/uploads\/2013\/11\/IMG_8893-red.jpg\"><img loading=\"lazy\" decoding=\"async\" class=\"alignnone size-medium wp-image-58\" src=\"..\/wp-content\/uploads\/2013\/11\/IMG_8893-red-300x199.jpg\" alt=\"IMG_8893 red\" width=\"300\" height=\"199\" srcset=\"https:\/\/art-et-culture-du-monde.fr\/blog\/wp-content\/uploads\/2013\/11\/IMG_8893-red-300x199.jpg 300w, https:\/\/art-et-culture-du-monde.fr\/blog\/wp-content\/uploads\/2013\/11\/IMG_8893-red-600x400.jpg 600w, https:\/\/art-et-culture-du-monde.fr\/blog\/wp-content\/uploads\/2013\/11\/IMG_8893-red-1024x682.jpg 1024w, https:\/\/art-et-culture-du-monde.fr\/blog\/wp-content\/uploads\/2013\/11\/IMG_8893-red.jpg 2000w\" sizes=\"(max-width: 300px) 100vw, 300px\" \/><\/a><\/p>\n<p><span style=\"border-radius: 2px; text-indent: 20px; width: auto; padding: 0px 4px 0px 0px; text-align: center; font: bold 11px\/20px 'Helvetica Neue',Helvetica,sans-serif; color: #ffffff; background: #bd081c no-repeat scroll 3px 50% \/ 14px 14px; position: absolute; opacity: 0.85; z-index: 8675309; display: none; cursor: pointer; top: 712px; left: 174px;\">Enregistrer<\/span><\/p>\n<p><span style=\"border-radius: 2px; text-indent: 20px; width: auto; padding: 0px 4px 0px 0px; text-align: center; font: bold 11px\/20px 'Helvetica Neue',Helvetica,sans-serif; color: #ffffff; background: #bd081c no-repeat scroll 3px 50% \/ 14px 14px; position: absolute; opacity: 0.85; z-index: 8675309; display: none; cursor: pointer; top: 712px; left: 174px;\">Enregistrer<\/span><\/p>\n<p><span style=\"border-radius: 2px; text-indent: 20px; width: auto; padding: 0px 4px 0px 0px; text-align: center; font: bold 11px\/20px 'Helvetica Neue',Helvetica,sans-serif; color: #ffffff; background: #bd081c no-repeat scroll 3px 50% \/ 14px 14px; position: absolute; opacity: 1; z-index: 8675309; display: none; cursor: pointer; top: 775px; left: 157px;\">Enregistrer<\/span><\/p>\n<p><span style=\"border-radius: 2px; text-indent: 20px; width: auto; padding: 0px 4px 0px 0px; text-align: center; font: bold 11px\/20px 'Helvetica Neue',Helvetica,sans-serif; color: #ffffff; background: #bd081c no-repeat scroll 3px 50% \/ 14px 14px; position: absolute; opacity: 1; z-index: 8675309; display: none; cursor: pointer; top: 105px; left: 342px;\">Enregistrer<\/span><\/p>\n<p><span style=\"border-radius: 2px; text-indent: 20px; width: auto; padding: 0px 4px 0px 0px; text-align: center; font: bold 11px\/20px 'Helvetica Neue',Helvetica,sans-serif; color: #ffffff; background: #bd081c no-repeat scroll 3px 50% \/ 14px 14px; position: absolute; opacity: 1; z-index: 8675309; display: none; cursor: pointer; top: 105px; left: 156px;\">Enregistrer<\/span><\/p>\n<p><span style=\"border-radius: 2px; text-indent: 20px; width: auto; padding: 0px 4px 0px 0px; text-align: center; font: bold 11px\/20px 'Helvetica Neue',Helvetica,sans-serif; color: #ffffff; background: #bd081c no-repeat scroll 3px 50% \/ 14px 14px; position: absolute; opacity: 1; z-index: 8675309; display: none; cursor: pointer; top: 623px; left: 306px;\">Enregistrer<\/span><\/p>\n<p><span style=\"border-radius: 2px; text-indent: 20px; width: auto; padding: 0px 4px 0px 0px; text-align: center; font: bold 11px\/20px 'Helvetica Neue',Helvetica,sans-serif; color: #ffffff; background: #bd081c no-repeat scroll 3px 50% \/ 14px 14px; position: absolute; opacity: 1; z-index: 8675309; display: none; cursor: pointer; top: 212px; left: 456px;\">Enregistrer<\/span><\/p>\n<p>[\/et_pb_text][\/et_pb_column][\/et_pb_row][\/et_pb_section]<\/p>\n","protected":false},"excerpt":{"rendered":"<p>D\u00e9couvrir &#8211; Partager &#8211; Pr\u00e9server &nbsp; Merci de nous rendre visite ! Si comme moi vous aimez la Nature mais ne vous contentez pas d&rsquo;une vision simpliste. Si vous voulez conna\u00eetre, comprendre, mais aussi ressentir la beaut\u00e9 de ce qui nous entoure. Si vous voulez savoir prendre votre place sans prendre trop de place. Alors [&hellip;]<\/p>\n","protected":false},"author":1,"featured_media":0,"parent":0,"menu_order":0,"comment_status":"closed","ping_status":"open","template":"","meta":{"_et_pb_use_builder":"on","_et_pb_old_content":"<h3 style=\"text-align: center;\">D\u00e9couvrir - Partager - Pr\u00e9server<\/h3><p style=\"text-align: center;\"><a href=\"http:\/\/art-et-culture-du-monde.fr\/blog\/wp-content\/uploads\/2016\/07\/IMG_0392-20x30-red.jpg\"><img class=\"alignnone size-medium wp-image-553\" src=\"http:\/\/art-et-culture-du-monde.fr\/blog\/wp-content\/uploads\/2016\/07\/IMG_0392-20x30-red-300x200.jpg\" alt=\"IMG_0392 20x30 red\" width=\"300\" height=\"200\" \/><\/a><a href=\"http:\/\/art-et-culture-du-monde.fr\/blog\/wp-content\/uploads\/2016\/08\/IMG_9648-red.jpg\"><img class=\"alignnone size-medium wp-image-605\" src=\"http:\/\/art-et-culture-du-monde.fr\/blog\/wp-content\/uploads\/2016\/08\/IMG_9648-red-300x200.jpg\" alt=\"IMG_9648 red\" width=\"300\" height=\"200\" \/><\/a><\/p><p>Je suis Eric, animateur, photographe et concepteur des expositions. Je r\u00e9ponds \u00e0 toutes vos demandes. Ci-dessus 2 photos \"de moi\" dont un autoportrait, \u00e0 vous de voir sur laquelle je suis ! Un indice: Il faisait -40\u00b0C !<\/p><p>Install\u00e9 dans le Sud-Ouest de la France, j'interviens partout dans le pays. Ing\u00e9nieur de formation, j'ai aussi \u00e9t\u00e9 form\u00e9 \u00e0 l'animation tous publics (BTS gestion et protection de la nature). Ainsi j'allie pr\u00e9sentation et animation ludiques \u00e0 une grande rigueur.<\/p><p>\u00a0<\/p><p style=\"text-align: center;\"><a href=\"http:\/\/art-et-culture-du-monde.fr\/blog\/wp-content\/uploads\/2013\/11\/IMG_8893-red.jpg\"><img class=\"alignnone size-medium wp-image-58\" src=\"http:\/\/art-et-culture-du-monde.fr\/blog\/wp-content\/uploads\/2013\/11\/IMG_8893-red-300x199.jpg\" alt=\"IMG_8893 red\" width=\"300\" height=\"199\" \/><\/a><\/p><p><span style=\"border-radius: 2px; text-indent: 20px; width: auto; padding: 0px 4px 0px 0px; text-align: center; font: bold 11px\/20px 'Helvetica Neue',Helvetica,sans-serif; color: #ffffff; background: #bd081c no-repeat scroll 3px 50% \/ 14px 14px; position: absolute; opacity: 0.85; z-index: 8675309; display: none; cursor: pointer; top: 712px; left: 174px;\">Enregistrer<\/span><\/p><p><span style=\"border-radius: 2px; text-indent: 20px; width: auto; padding: 0px 4px 0px 0px; text-align: center; font: bold 11px\/20px 'Helvetica Neue',Helvetica,sans-serif; color: #ffffff; background: #bd081c no-repeat scroll 3px 50% \/ 14px 14px; position: absolute; opacity: 0.85; z-index: 8675309; display: none; cursor: pointer; top: 712px; left: 174px;\">Enregistrer<\/span><\/p><p><span style=\"border-radius: 2px; text-indent: 20px; width: auto; padding: 0px 4px 0px 0px; text-align: center; font: bold 11px\/20px 'Helvetica Neue',Helvetica,sans-serif; color: #ffffff; background: #bd081c no-repeat scroll 3px 50% \/ 14px 14px; position: absolute; opacity: 1; z-index: 8675309; display: none; cursor: pointer; top: 775px; left: 157px;\">Enregistrer<\/span><\/p><p><span style=\"border-radius: 2px; text-indent: 20px; width: auto; padding: 0px 4px 0px 0px; text-align: center; font: bold 11px\/20px 'Helvetica Neue',Helvetica,sans-serif; color: #ffffff; background: #bd081c  no-repeat scroll 3px 50% \/ 14px 14px; position: absolute; opacity: 1; z-index: 8675309; display: none; cursor: pointer; top: 105px; left: 342px;\">Enregistrer<\/span><\/p>","_et_gb_content_width":"","footnotes":""},"class_list":["post-6","page","type-page","status-publish","hentry"],"yoast_head":"<!-- This site is optimized with the Yoast SEO plugin v27.2 - https:\/\/yoast.com\/product\/yoast-seo-wordpress\/ -->\n<title>Qui sommes-nous ? - Que proposons-nous aux visiteurs ?<\/title>\n<meta name=\"description\" content=\"Pr\u00e9sentation d&#039;Eric, animateur passionn\u00e9, voyageur, photographe, amateur de d\u00e9couverte, de partage et soucieux de pr\u00e9servation de notre h\u00e9ritage.\" \/>\n<meta name=\"robots\" content=\"index, follow, max-snippet:-1, max-image-preview:large, max-video-preview:-1\" \/>\n<link rel=\"canonical\" href=\"https:\/\/art-et-culture-du-monde.fr\/blog\/a-propos-de-art-et-culture-du-monde\/\" \/>\n<meta property=\"og:locale\" content=\"fr_FR\" \/>\n<meta property=\"og:type\" content=\"article\" \/>\n<meta property=\"og:title\" content=\"Qui sommes-nous ? - Que proposons-nous aux visiteurs ?\" \/>\n<meta property=\"og:description\" content=\"Pr\u00e9sentation d&#039;Eric, animateur passionn\u00e9, voyageur, photographe, amateur de d\u00e9couverte, de partage et soucieux de pr\u00e9servation de notre h\u00e9ritage.\" \/>\n<meta property=\"og:url\" content=\"https:\/\/art-et-culture-du-monde.fr\/blog\/a-propos-de-art-et-culture-du-monde\/\" \/>\n<meta property=\"og:site_name\" content=\"La Nature d&#039;Eric\" \/>\n<meta property=\"article:publisher\" content=\"https:\/\/www.facebook.com\/Art-et-Culture-du-Monde-ACM-175103796680\/\" \/>\n<meta property=\"article:modified_time\" content=\"2023-01-13T14:11:21+00:00\" \/>\n<meta name=\"twitter:card\" content=\"summary_large_image\" \/>\n<meta name=\"twitter:label1\" content=\"Dur\u00e9e de lecture estim\u00e9e\" \/>\n\t<meta name=\"twitter:data1\" content=\"2 minutes\" \/>\n<script type=\"application\/ld+json\" class=\"yoast-schema-graph\">{\"@context\":\"https:\/\/schema.org\",\"@graph\":[{\"@type\":\"WebPage\",\"@id\":\"https:\/\/art-et-culture-du-monde.fr\/blog\/a-propos-de-art-et-culture-du-monde\/\",\"url\":\"https:\/\/art-et-culture-du-monde.fr\/blog\/a-propos-de-art-et-culture-du-monde\/\",\"name\":\"Qui sommes-nous ? - Que proposons-nous aux visiteurs ?\",\"isPartOf\":{\"@id\":\"https:\/\/art-et-culture-du-monde.fr\/blog\/#website\"},\"datePublished\":\"2013-10-12T09:37:31+00:00\",\"dateModified\":\"2023-01-13T14:11:21+00:00\",\"description\":\"Pr\u00e9sentation d'Eric, animateur passionn\u00e9, voyageur, photographe, amateur de d\u00e9couverte, de partage et soucieux de pr\u00e9servation de notre h\u00e9ritage.\",\"breadcrumb\":{\"@id\":\"https:\/\/art-et-culture-du-monde.fr\/blog\/a-propos-de-art-et-culture-du-monde\/#breadcrumb\"},\"inLanguage\":\"fr-FR\",\"potentialAction\":[{\"@type\":\"ReadAction\",\"target\":[\"https:\/\/art-et-culture-du-monde.fr\/blog\/a-propos-de-art-et-culture-du-monde\/\"]}]},{\"@type\":\"BreadcrumbList\",\"@id\":\"https:\/\/art-et-culture-du-monde.fr\/blog\/a-propos-de-art-et-culture-du-monde\/#breadcrumb\",\"itemListElement\":[{\"@type\":\"ListItem\",\"position\":1,\"name\":\"Accueil\",\"item\":\"https:\/\/art-et-culture-du-monde.fr\/blog\/\"},{\"@type\":\"ListItem\",\"position\":2,\"name\":\"A propos de &#8230;\"}]},{\"@type\":\"WebSite\",\"@id\":\"https:\/\/art-et-culture-du-monde.fr\/blog\/#website\",\"url\":\"https:\/\/art-et-culture-du-monde.fr\/blog\/\",\"name\":\"La Nature d&#039;Eric\",\"description\":\"D\u00e9couvrir - Partager - Pr\u00e9server\",\"potentialAction\":[{\"@type\":\"SearchAction\",\"target\":{\"@type\":\"EntryPoint\",\"urlTemplate\":\"https:\/\/art-et-culture-du-monde.fr\/blog\/?s={search_term_string}\"},\"query-input\":{\"@type\":\"PropertyValueSpecification\",\"valueRequired\":true,\"valueName\":\"search_term_string\"}}],\"inLanguage\":\"fr-FR\"}]}<\/script>\n<!-- \/ Yoast SEO plugin. -->","yoast_head_json":{"title":"Qui sommes-nous ? - Que proposons-nous aux visiteurs ?","description":"Pr\u00e9sentation d'Eric, animateur passionn\u00e9, voyageur, photographe, amateur de d\u00e9couverte, de partage et soucieux de pr\u00e9servation de notre h\u00e9ritage.","robots":{"index":"index","follow":"follow","max-snippet":"max-snippet:-1","max-image-preview":"max-image-preview:large","max-video-preview":"max-video-preview:-1"},"canonical":"https:\/\/art-et-culture-du-monde.fr\/blog\/a-propos-de-art-et-culture-du-monde\/","og_locale":"fr_FR","og_type":"article","og_title":"Qui sommes-nous ? - Que proposons-nous aux visiteurs ?","og_description":"Pr\u00e9sentation d'Eric, animateur passionn\u00e9, voyageur, photographe, amateur de d\u00e9couverte, de partage et soucieux de pr\u00e9servation de notre h\u00e9ritage.","og_url":"https:\/\/art-et-culture-du-monde.fr\/blog\/a-propos-de-art-et-culture-du-monde\/","og_site_name":"La Nature d&#039;Eric","article_publisher":"https:\/\/www.facebook.com\/Art-et-Culture-du-Monde-ACM-175103796680\/","article_modified_time":"2023-01-13T14:11:21+00:00","twitter_card":"summary_large_image","twitter_misc":{"Dur\u00e9e de lecture estim\u00e9e":"2 minutes"},"schema":{"@context":"https:\/\/schema.org","@graph":[{"@type":"WebPage","@id":"https:\/\/art-et-culture-du-monde.fr\/blog\/a-propos-de-art-et-culture-du-monde\/","url":"https:\/\/art-et-culture-du-monde.fr\/blog\/a-propos-de-art-et-culture-du-monde\/","name":"Qui sommes-nous ? - Que proposons-nous aux visiteurs ?","isPartOf":{"@id":"https:\/\/art-et-culture-du-monde.fr\/blog\/#website"},"datePublished":"2013-10-12T09:37:31+00:00","dateModified":"2023-01-13T14:11:21+00:00","description":"Pr\u00e9sentation d'Eric, animateur passionn\u00e9, voyageur, photographe, amateur de d\u00e9couverte, de partage et soucieux de pr\u00e9servation de notre h\u00e9ritage.","breadcrumb":{"@id":"https:\/\/art-et-culture-du-monde.fr\/blog\/a-propos-de-art-et-culture-du-monde\/#breadcrumb"},"inLanguage":"fr-FR","potentialAction":[{"@type":"ReadAction","target":["https:\/\/art-et-culture-du-monde.fr\/blog\/a-propos-de-art-et-culture-du-monde\/"]}]},{"@type":"BreadcrumbList","@id":"https:\/\/art-et-culture-du-monde.fr\/blog\/a-propos-de-art-et-culture-du-monde\/#breadcrumb","itemListElement":[{"@type":"ListItem","position":1,"name":"Accueil","item":"https:\/\/art-et-culture-du-monde.fr\/blog\/"},{"@type":"ListItem","position":2,"name":"A propos de &#8230;"}]},{"@type":"WebSite","@id":"https:\/\/art-et-culture-du-monde.fr\/blog\/#website","url":"https:\/\/art-et-culture-du-monde.fr\/blog\/","name":"La Nature d&#039;Eric","description":"D\u00e9couvrir - Partager - Pr\u00e9server","potentialAction":[{"@type":"SearchAction","target":{"@type":"EntryPoint","urlTemplate":"https:\/\/art-et-culture-du-monde.fr\/blog\/?s={search_term_string}"},"query-input":{"@type":"PropertyValueSpecification","valueRequired":true,"valueName":"search_term_string"}}],"inLanguage":"fr-FR"}]}},"jetpack-related-posts":[],"jetpack_sharing_enabled":true,"_links":{"self":[{"href":"https:\/\/art-et-culture-du-monde.fr\/blog\/wp-json\/wp\/v2\/pages\/6","targetHints":{"allow":["GET"]}}],"collection":[{"href":"https:\/\/art-et-culture-du-monde.fr\/blog\/wp-json\/wp\/v2\/pages"}],"about":[{"href":"https:\/\/art-et-culture-du-monde.fr\/blog\/wp-json\/wp\/v2\/types\/page"}],"author":[{"embeddable":true,"href":"https:\/\/art-et-culture-du-monde.fr\/blog\/wp-json\/wp\/v2\/users\/1"}],"replies":[{"embeddable":true,"href":"https:\/\/art-et-culture-du-monde.fr\/blog\/wp-json\/wp\/v2\/comments?post=6"}],"version-history":[{"count":33,"href":"https:\/\/art-et-culture-du-monde.fr\/blog\/wp-json\/wp\/v2\/pages\/6\/revisions"}],"predecessor-version":[{"id":3389,"href":"https:\/\/art-et-culture-du-monde.fr\/blog\/wp-json\/wp\/v2\/pages\/6\/revisions\/3389"}],"wp:attachment":[{"href":"https:\/\/art-et-culture-du-monde.fr\/blog\/wp-json\/wp\/v2\/media?parent=6"}],"curies":[{"name":"wp","href":"https:\/\/api.w.org\/{rel}","templated":true}]}}