{"id":2690,"date":"2019-03-18T10:47:15","date_gmt":"2019-03-18T09:47:15","guid":{"rendered":"http:\/\/art-et-culture-du-monde.fr\/blog\/?page_id=2690"},"modified":"2019-03-18T10:58:44","modified_gmt":"2019-03-18T09:58:44","slug":"le-jeu-chouette-ou-un-bref-apercu-de-la-vie-de-la-chouette-cheveche","status":"publish","type":"page","link":"https:\/\/art-et-culture-du-monde.fr\/blog\/le-jeu-chouette-ou-un-bref-apercu-de-la-vie-de-la-chouette-cheveche\/","title":{"rendered":"Le jeu chouette (ou un bref aper\u00e7u de la vie de la chouette Chev\u00eache)"},"content":{"rendered":"<p>[et_pb_section bb_built=\u00a0\u00bb1&Prime; _builder_version=\u00a0\u00bb3.19.7&Prime; background_color=\u00a0\u00bbrgba(124,226,77,0.54)\u00a0\u00bb][et_pb_row][et_pb_column type=\u00a0\u00bb4_4&Prime;][et_pb_text admin_label=\u00a0\u00bbLe jeu Chouette\u00a0\u00bb background_color=\u00a0\u00bb#7cda24&Prime; use_border_color=\u00a0\u00bboff\u00a0\u00bb header_line_height=\u00a0\u00bb2em\u00a0\u00bb text_line_height=\u00a0\u00bb2.3em\u00a0\u00bb background_position=\u00a0\u00bbtop_left\u00a0\u00bb background_repeat=\u00a0\u00bbrepeat\u00a0\u00bb background_size=\u00a0\u00bbinitial\u00a0\u00bb _builder_version=\u00a0\u00bb3.19.7&Prime; saved_tabs=\u00a0\u00bball\u00a0\u00bb]<\/p>\n<p style=\"text-align: center;\">&#8211;<\/p>\n<h2 style=\"text-align: center;\">Le jeu chouette ou l&rsquo;aper\u00e7u de la vie de la Chev\u00eache<\/h2>\n<p style=\"text-align: center;\">&#8211;<\/p>\n<p>[\/et_pb_text][\/et_pb_column][\/et_pb_row][et_pb_row _builder_version=\u00a0\u00bb3.19.7&Prime; background_color=\u00a0\u00bb#ffffff\u00a0\u00bb][et_pb_column type=\u00a0\u00bb1_3&Prime;][et_pb_image admin_label=\u00a0\u00bbPhoto Chev\u00eache\u00a0\u00bb _builder_version=\u00a0\u00bb3.19.7&Prime; src=\u00a0\u00bbhttp:\/\/art-et-culture-du-monde.fr\/blog\/wp-content\/uploads\/2017\/02\/Cheveche.jpg\u00a0\u00bb align=\u00a0\u00bbcenter\u00a0\u00bb module_alignment=\u00a0\u00bbcenter\u00a0\u00bb max_width=\u00a0\u00bb90%\u00a0\u00bb \/][\/et_pb_column][et_pb_column type=\u00a0\u00bb2_3&Prime;][et_pb_text admin_label=\u00a0\u00bbBut\u00a0\u00bb _builder_version=\u00a0\u00bb3.19.7&Prime; text_font_size=\u00a0\u00bb18px\u00a0\u00bb text_orientation=\u00a0\u00bbjustified\u00a0\u00bb module_alignment=\u00a0\u00bbcenter\u00a0\u00bb max_width=\u00a0\u00bb95%\u00a0\u00bb]<\/p>\n<p>Mettez vous dans la peau de la Chouette Chev\u00eache et essayer de survivre jusqu&rsquo;\u00e0 l&rsquo;ann\u00e9e suivante !<\/p>\n<p>Cette petite chouette qui fut la plus abondante dans nos campagnes jusque dans les ann\u00e9es 70 conna\u00eet de r\u00e9elles difficult\u00e9s. Pourquoi ? Perte d&rsquo;habitat, pesticides, routes, abreuvoirs &#8230;<\/p>\n<p>Le jeu est destin\u00e9 \u00e0 faire comprendre aux petits et grands ses difficult\u00e9s.<\/p>\n<p>[\/et_pb_text][\/et_pb_column][\/et_pb_row][et_pb_row _builder_version=\u00a0\u00bb3.19.7&Prime; background_color=\u00a0\u00bb#ffffff\u00a0\u00bb][et_pb_column type=\u00a0\u00bb4_4&Prime;][et_pb_text admin_label=\u00a0\u00bbDescription\u00a0\u00bb _builder_version=\u00a0\u00bb3.19.7&Prime; background_color=\u00a0\u00bb#7cda24&Prime; text_font_size=\u00a0\u00bb18px\u00a0\u00bb text_orientation=\u00a0\u00bbcenter\u00a0\u00bb]<\/p>\n<p style=\"text-align: center;\">&#8211;<\/p>\n<h2 style=\"text-align: center;\">Description<\/h2>\n<p style=\"text-align: center;\">&#8211;<\/p>\n<p>[\/et_pb_text][\/et_pb_column][\/et_pb_row][et_pb_row _builder_version=\u00a0\u00bb3.19.7&Prime; background_color=\u00a0\u00bb#ffffff\u00a0\u00bb][et_pb_column type=\u00a0\u00bb1_2&Prime;][et_pb_image admin_label=\u00a0\u00bbPlateau jeu\u00a0\u00bb _builder_version=\u00a0\u00bb3.19.7&Prime; src=\u00a0\u00bbhttp:\/\/art-et-culture-du-monde.fr\/blog\/wp-content\/uploads\/2019\/03\/PlateauJeuChouette-v3-red.jpg\u00a0\u00bb \/][\/et_pb_column][et_pb_column type=\u00a0\u00bb1_2&Prime;][et_pb_text _builder_version=\u00a0\u00bb3.19.7&Prime; text_font_size=\u00a0\u00bb18px\u00a0\u00bb text_orientation=\u00a0\u00bbjustified\u00a0\u00bb]<\/p>\n<p style=\"text-align: left;\">La vie de la chouette est divis\u00e9e en 6 \u00e9tapes, num\u00e9rot\u00e9es de 1 \u00e0 6:<\/p>\n<ul>\n<li style=\"text-align: left;\">1 &#8211; Naissance<\/li>\n<li style=\"text-align: left;\">2 &#8211; Croissance\/nourrissage<\/li>\n<li>3 &#8211; Apprentissage du vol<\/li>\n<li>4 &#8211; \u00c9mancipation<\/li>\n<li>5 &#8211; Saison des amours<\/li>\n<li>6 &#8211; Installation d&rsquo;un nid<\/li>\n<\/ul>\n<p>&nbsp;<\/p>\n<p>[\/et_pb_text][\/et_pb_column][\/et_pb_row][et_pb_row _builder_version=\u00a0\u00bb3.19.7&Prime; background_color=\u00a0\u00bb#ffffff\u00a0\u00bb][et_pb_column type=\u00a0\u00bb4_4&Prime;][et_pb_text _builder_version=\u00a0\u00bb3.19.7&Prime; text_font_size=\u00a0\u00bb18px\u00a0\u00bb text_orientation=\u00a0\u00bbjustified\u00a0\u00bb]<\/p>\n<p style=\"text-align: center;\"><strong>Les \u00e9v\u00e8nements de la vie de la chouette sont repr\u00e9sent\u00e9s par les cartes suivantes:<\/strong><\/p>\n<p>[\/et_pb_text][\/et_pb_column][\/et_pb_row][et_pb_row _builder_version=\u00a0\u00bb3.19.7&Prime; background_color=\u00a0\u00bb#ffffff\u00a0\u00bb][et_pb_column type=\u00a0\u00bb1_3&Prime;][et_pb_image admin_label=\u00a0\u00bbCarte accident\u00a0\u00bb _builder_version=\u00a0\u00bb3.19.7&Prime; src=\u00a0\u00bbhttp:\/\/art-et-culture-du-monde.fr\/blog\/wp-content\/uploads\/2019\/03\/CarteAccident-ret-red.jpg\u00a0\u00bb align=\u00a0\u00bbcenter\u00a0\u00bb max_width=\u00a0\u00bb69%\u00a0\u00bb max_width_tablet=\u00a0\u00bb100%\u00a0\u00bb max_width_last_edited=\u00a0\u00bbon|desktop\u00a0\u00bb \/][\/et_pb_column][et_pb_column type=\u00a0\u00bb2_3&Prime;][et_pb_text _builder_version=\u00a0\u00bb3.19.7&Prime; text_font_size=\u00a0\u00bb18px\u00a0\u00bb text_orientation=\u00a0\u00bbjustified\u00a0\u00bb]<\/p>\n<ul>\n<li style=\"text-align: left;\">Accident =&gt; La chouette meurt, le jeu s&rsquo;arr\u00eate l\u00e0.<\/li>\n<\/ul>\n<p>&nbsp;<\/p>\n<p>[\/et_pb_text][\/et_pb_column][\/et_pb_row][et_pb_row _builder_version=\u00a0\u00bb3.19.7&Prime; background_color=\u00a0\u00bb#ffffff\u00a0\u00bb][et_pb_column type=\u00a0\u00bb1_3&Prime;][et_pb_image admin_label=\u00a0\u00bbCarte pr\u00e9dateur\u00a0\u00bb _builder_version=\u00a0\u00bb3.19.7&Prime; src=\u00a0\u00bbhttp:\/\/art-et-culture-du-monde.fr\/blog\/wp-content\/uploads\/2019\/03\/CartePredateur-ret-red.jpg\u00a0\u00bb align=\u00a0\u00bbcenter\u00a0\u00bb max_width=\u00a0\u00bb69%\u00a0\u00bb max_width_tablet=\u00a0\u00bb100%\u00a0\u00bb max_width_last_edited=\u00a0\u00bbon|desktop\u00a0\u00bb \/][\/et_pb_column][et_pb_column type=\u00a0\u00bb2_3&Prime;][et_pb_text _builder_version=\u00a0\u00bb3.19.7&Prime; text_font_size=\u00a0\u00bb18px\u00a0\u00bb text_orientation=\u00a0\u00bbjustified\u00a0\u00bb]<\/p>\n<ul>\n<li style=\"text-align: left;\">Pr\u00e9dateur =&gt; La chouette meurt, le jeu s&rsquo;arr\u00eate l\u00e0.<\/li>\n<\/ul>\n<p>&nbsp;<\/p>\n<p>[\/et_pb_text][\/et_pb_column][\/et_pb_row][et_pb_row _builder_version=\u00a0\u00bb3.19.7&Prime; background_color=\u00a0\u00bb#ffffff\u00a0\u00bb][et_pb_column type=\u00a0\u00bb1_3&Prime;][et_pb_image admin_label=\u00a0\u00bbCarte mauvaise nouvelle &#8211; manquante\u00a0\u00bb _builder_version=\u00a0\u00bb3.19.7&Prime; align=\u00a0\u00bbcenter\u00a0\u00bb max_width=\u00a0\u00bb69%\u00a0\u00bb max_width_tablet=\u00a0\u00bb100%\u00a0\u00bb max_width_last_edited=\u00a0\u00bbon|desktop\u00a0\u00bb src=\u00a0\u00bbhttp:\/\/art-et-culture-du-monde.fr\/blog\/wp-content\/uploads\/2019\/03\/mauvaise_nouvelle-ret-red.jpg\u00a0\u00bb \/][\/et_pb_column][et_pb_column type=\u00a0\u00bb2_3&Prime;][et_pb_text _builder_version=\u00a0\u00bb3.19.7&Prime; text_font_size=\u00a0\u00bb18px\u00a0\u00bb text_orientation=\u00a0\u00bbjustified\u00a0\u00bb]<\/p>\n<ul>\n<li style=\"text-align: left;\">Mauvaise nouvelle =&gt; Restez o\u00f9 vous \u00eates<\/li>\n<\/ul>\n<p>&nbsp;<\/p>\n<p>[\/et_pb_text][\/et_pb_column][\/et_pb_row][et_pb_row _builder_version=\u00a0\u00bb3.19.7&Prime; background_color=\u00a0\u00bb#ffffff\u00a0\u00bb][et_pb_column type=\u00a0\u00bb1_3&Prime;][et_pb_image admin_label=\u00a0\u00bbTout va bien\u00a0\u00bb _builder_version=\u00a0\u00bb3.19.7&Prime; align=\u00a0\u00bbcenter\u00a0\u00bb max_width=\u00a0\u00bb69%\u00a0\u00bb max_width_tablet=\u00a0\u00bb100%\u00a0\u00bb max_width_last_edited=\u00a0\u00bbon|desktop\u00a0\u00bb src=\u00a0\u00bbhttp:\/\/art-et-culture-du-monde.fr\/blog\/wp-content\/uploads\/2019\/03\/Pouce-ret-red.jpg\u00a0\u00bb \/][\/et_pb_column][et_pb_column type=\u00a0\u00bb2_3&Prime;][et_pb_text _builder_version=\u00a0\u00bb3.19.7&Prime; text_font_size=\u00a0\u00bb18px\u00a0\u00bb text_orientation=\u00a0\u00bbjustified\u00a0\u00bb]<\/p>\n<ul>\n<li style=\"text-align: left;\">Tout va bien =&gt; Avancez d&rsquo;une case<\/li>\n<\/ul>\n<p>&nbsp;<\/p>\n<p>[\/et_pb_text][\/et_pb_column][\/et_pb_row][et_pb_row _builder_version=\u00a0\u00bb3.19.7&Prime; background_color=\u00a0\u00bb#ffffff\u00a0\u00bb][et_pb_column type=\u00a0\u00bb1_3&Prime;][et_pb_image admin_label=\u00a0\u00bbTout se passe mieux que pr\u00e9vu\u00a0\u00bb _builder_version=\u00a0\u00bb3.19.7&Prime; align=\u00a0\u00bbcenter\u00a0\u00bb max_width=\u00a0\u00bb69%\u00a0\u00bb max_width_tablet=\u00a0\u00bb100%\u00a0\u00bb max_width_last_edited=\u00a0\u00bbon|desktop\u00a0\u00bb src=\u00a0\u00bbhttp:\/\/art-et-culture-du-monde.fr\/blog\/wp-content\/uploads\/2019\/03\/nuage-ret-red.jpg\u00a0\u00bb \/][\/et_pb_column][et_pb_column type=\u00a0\u00bb2_3&Prime;][et_pb_text _builder_version=\u00a0\u00bb3.19.7&Prime; text_font_size=\u00a0\u00bb18px\u00a0\u00bb text_orientation=\u00a0\u00bbjustified\u00a0\u00bb]<\/p>\n<ul>\n<li style=\"text-align: left;\">Tout se passe mieux que pr\u00e9vu =&gt; avancez de deux cases<\/li>\n<\/ul>\n<p>&nbsp;<\/p>\n<p>[\/et_pb_text][\/et_pb_column][\/et_pb_row][et_pb_row _builder_version=\u00a0\u00bb3.19.7&Prime; background_color=\u00a0\u00bb#ffffff\u00a0\u00bb][et_pb_column type=\u00a0\u00bb4_4&Prime;][et_pb_text admin_label=\u00a0\u00bbComment Jouer ?\u00a0\u00bb _builder_version=\u00a0\u00bb3.19.7&Prime; background_color=\u00a0\u00bb#7cda24&Prime; text_font_size=\u00a0\u00bb18px\u00a0\u00bb text_orientation=\u00a0\u00bbcenter\u00a0\u00bb]<\/p>\n<p style=\"text-align: center;\">&#8211;<\/p>\n<h2 style=\"text-align: center;\">\u00a0Comment jouer !<\/h2>\n<p style=\"text-align: center;\">&#8211;<\/p>\n<p>[\/et_pb_text][\/et_pb_column][\/et_pb_row][et_pb_row _builder_version=\u00a0\u00bb3.19.7&Prime; background_color=\u00a0\u00bb#ffffff\u00a0\u00bb][et_pb_column type=\u00a0\u00bb4_4&Prime;][et_pb_text _builder_version=\u00a0\u00bb3.19.7&Prime; text_font_size=\u00a0\u00bb18px\u00a0\u00bb text_orientation=\u00a0\u00bbjustified\u00a0\u00bb module_alignment=\u00a0\u00bbcenter\u00a0\u00bb max_width=\u00a0\u00bb95%\u00a0\u00bb]<\/p>\n<ul>\n<li>Les joueurs se mettent d&rsquo;accord sur le nombre de chouettes par personne et le nombre de tours \u00e0 faire.<\/li>\n<li>Chaque joueur dispose ses jetons repr\u00e9sentant ses chouettes sur la case 1 (Les pi\u00e8ces de 1 et 5 cts sont parfaites pour cet usage)<\/li>\n<li>Le plus jeune joueur commence<\/li>\n<li>Il tire une carte \u00e9v\u00e8nement qui lui indique ce qu&rsquo;il doit faire.<\/li>\n<li>Le premier \u00e0 avoir compl\u00e9ter le nombre de cycles pr\u00e9vus a gagn\u00e9<\/li>\n<\/ul>\n<p>[\/et_pb_text][\/et_pb_column][\/et_pb_row][et_pb_row _builder_version=\u00a0\u00bb3.19.7&Prime; background_color=\u00a0\u00bb#ffffff\u00a0\u00bb][et_pb_column type=\u00a0\u00bb4_4&Prime;][et_pb_text admin_label=\u00a0\u00bbJouons maintenant\u00a0\u00bb _builder_version=\u00a0\u00bb3.19.7&Prime; background_color=\u00a0\u00bb#7cda24&Prime; text_font_size=\u00a0\u00bb18px\u00a0\u00bb text_orientation=\u00a0\u00bbcenter\u00a0\u00bb]<\/p>\n<p style=\"text-align: center;\">&#8211;<\/p>\n<h2 style=\"text-align: center;\">Jouons maintenant !<\/h2>\n<p style=\"text-align: center;\">&#8211;<\/p>\n<p>[\/et_pb_text][\/et_pb_column][\/et_pb_row][et_pb_row _builder_version=\u00a0\u00bb3.19.7&Prime; background_color=\u00a0\u00bb#ffffff\u00a0\u00bb][et_pb_column type=\u00a0\u00bb1_3&Prime;][et_pb_image admin_label=\u00a0\u00bbPlateau 1&Prime; _builder_version=\u00a0\u00bb3.19.7&Prime; align=\u00a0\u00bbcenter\u00a0\u00bb max_width=\u00a0\u00bb69%\u00a0\u00bb max_width_tablet=\u00a0\u00bb100%\u00a0\u00bb max_width_last_edited=\u00a0\u00bbon|desktop\u00a0\u00bb src=\u00a0\u00bbhttp:\/\/art-et-culture-du-monde.fr\/blog\/wp-content\/uploads\/2019\/03\/PlateauJeuChouette-v3-moitie-haute.jpg\u00a0\u00bb show_in_lightbox=\u00a0\u00bbon\u00a0\u00bb \/][\/et_pb_column][et_pb_column type=\u00a0\u00bb2_3&Prime;][et_pb_text _builder_version=\u00a0\u00bb3.19.7&Prime; text_font_size=\u00a0\u00bb18px\u00a0\u00bb text_orientation=\u00a0\u00bbjustified\u00a0\u00bb]<\/p>\n<ul>\n<li style=\"text-align: left;\">Cliquez sur l&rsquo;image, enregistrez l\u00e0 et imprimez l\u00e0 pour avoir la premi\u00e8re partie du plateau de jeu.<\/li>\n<\/ul>\n<p>&nbsp;<\/p>\n<p>[\/et_pb_text][\/et_pb_column][\/et_pb_row][et_pb_row _builder_version=\u00a0\u00bb3.19.7&Prime; background_color=\u00a0\u00bb#ffffff\u00a0\u00bb][et_pb_column type=\u00a0\u00bb1_3&Prime;][et_pb_image admin_label=\u00a0\u00bbPlateau 2&Prime; _builder_version=\u00a0\u00bb3.19.7&Prime; align=\u00a0\u00bbcenter\u00a0\u00bb max_width=\u00a0\u00bb69%\u00a0\u00bb max_width_tablet=\u00a0\u00bb100%\u00a0\u00bb max_width_last_edited=\u00a0\u00bbon|desktop\u00a0\u00bb src=\u00a0\u00bbhttp:\/\/art-et-culture-du-monde.fr\/blog\/wp-content\/uploads\/2019\/03\/PlateauJeuChouette-v3-moitie-basse.jpg\u00a0\u00bb show_in_lightbox=\u00a0\u00bbon\u00a0\u00bb \/][\/et_pb_column][et_pb_column type=\u00a0\u00bb2_3&Prime;][et_pb_text _builder_version=\u00a0\u00bb3.19.7&Prime; text_font_size=\u00a0\u00bb18px\u00a0\u00bb text_orientation=\u00a0\u00bbjustified\u00a0\u00bb]<\/p>\n<ul>\n<li>Cliquez sur l&rsquo;image, enregistrez l\u00e0 et imprimez l\u00e0 pour avoir la deuxi\u00e8me partie du plateau de jeu.<\/li>\n<li style=\"text-align: left;\">\u00a0<\/li>\n<\/ul>\n<p>&nbsp;<\/p>\n<p>[\/et_pb_text][\/et_pb_column][\/et_pb_row][et_pb_row _builder_version=\u00a0\u00bb3.19.7&Prime; background_color=\u00a0\u00bb#ffffff\u00a0\u00bb][et_pb_column type=\u00a0\u00bb1_3&Prime;][et_pb_image admin_label=\u00a0\u00bbCartes\u00a0\u00bb _builder_version=\u00a0\u00bb3.19.7&Prime; align=\u00a0\u00bbcenter\u00a0\u00bb max_width=\u00a0\u00bb69%\u00a0\u00bb max_width_tablet=\u00a0\u00bb100%\u00a0\u00bb max_width_last_edited=\u00a0\u00bbon|desktop\u00a0\u00bb src=\u00a0\u00bbhttp:\/\/art-et-culture-du-monde.fr\/blog\/wp-content\/uploads\/2019\/03\/CartesJeuChouette1.jpg\u00a0\u00bb show_in_lightbox=\u00a0\u00bbon\u00a0\u00bb \/][\/et_pb_column][et_pb_column type=\u00a0\u00bb2_3&Prime;][et_pb_text _builder_version=\u00a0\u00bb3.19.7&Prime; text_font_size=\u00a0\u00bb18px\u00a0\u00bb text_orientation=\u00a0\u00bbjustified\u00a0\u00bb]<\/p>\n<ul>\n<li style=\"text-align: left;\">Cliquez sur l&rsquo;image, enregistrez l\u00e0, puis imprimez l\u00e0 et d\u00e9couper chaque carte.<\/li>\n<\/ul>\n<p>&nbsp;<\/p>\n<p>[\/et_pb_text][\/et_pb_column][\/et_pb_row][et_pb_row _builder_version=\u00a0\u00bb3.19.7&Prime; background_color=\u00a0\u00bb#ffffff\u00a0\u00bb][et_pb_column type=\u00a0\u00bb1_3&Prime;][et_pb_image admin_label=\u00a0\u00bbCartes\u00a0\u00bb _builder_version=\u00a0\u00bb3.19.7&Prime; align=\u00a0\u00bbcenter\u00a0\u00bb max_width=\u00a0\u00bb69%\u00a0\u00bb max_width_tablet=\u00a0\u00bb100%\u00a0\u00bb max_width_last_edited=\u00a0\u00bbon|desktop\u00a0\u00bb src=\u00a0\u00bbhttp:\/\/art-et-culture-du-monde.fr\/blog\/wp-content\/uploads\/2019\/03\/CartesJeuChouette2.jpg\u00a0\u00bb show_in_lightbox=\u00a0\u00bbon\u00a0\u00bb \/][\/et_pb_column][et_pb_column type=\u00a0\u00bb2_3&Prime;][et_pb_text _builder_version=\u00a0\u00bb3.19.7&Prime; text_font_size=\u00a0\u00bb18px\u00a0\u00bb text_orientation=\u00a0\u00bbjustified\u00a0\u00bb]<\/p>\n<ul>\n<li style=\"text-align: left;\">Cliquez sur l&rsquo;image, enregistrez l\u00e0, puis imprimez cette derni\u00e8re en 3 exemplaires et d\u00e9couper chaque carte.<\/li>\n<\/ul>\n<p>&nbsp;<\/p>\n<p>[\/et_pb_text][\/et_pb_column][\/et_pb_row][et_pb_row _builder_version=\u00a0\u00bb3.19.7&Prime; background_color=\u00a0\u00bb#ffffff\u00a0\u00bb][et_pb_column type=\u00a0\u00bb4_4&Prime;][et_pb_text _builder_version=\u00a0\u00bb3.19.7&Prime; text_font_size=\u00a0\u00bb18px\u00a0\u00bb text_orientation=\u00a0\u00bbjustified\u00a0\u00bb max_width=\u00a0\u00bb94%\u00a0\u00bb module_alignment=\u00a0\u00bbcenter\u00a0\u00bb]<\/p>\n<p><strong>Nous vous souhaitons de bons moments avec ce jeu !<br \/><\/strong><\/p>\n<p><strong>N&rsquo;h\u00e9sitez pas \u00e0 nous communiquer toutes les suggestions d&rsquo;am\u00e9liorations que vous pourriez avoir. Aucune h\u00e9sitation non plus si vous avez des questions sur ces fantastiques animaux nocturnes, sur nos interventions etc &#8230;<\/strong><\/p>\n<p><a href=\"http:\/\/art-et-culture-du-monde.fr\/blog\/contact\/\"><strong>Pour nous contacter, c&rsquo;est ici !<\/strong><\/a><\/p>\n<p>[\/et_pb_text][\/et_pb_column][\/et_pb_row][\/et_pb_section]<\/p>\n","protected":false},"excerpt":{"rendered":"<p><div class=\"et_pb_row et_pb_row_0 et_pb_row_empty\">\n\t\t\t\t\n\t\t\t\t\n\t\t\t\t\n\t\t\t\t\n\t\t\t\t\n\t\t\t<\/div> &#8211; Le jeu chouette ou l&rsquo;aper\u00e7u de la vie de la Chev\u00eache &#8211; Mettez vous dans la peau de la Chouette Chev\u00eache et essayer de survivre jusqu&rsquo;\u00e0 l&rsquo;ann\u00e9e suivante ! Cette petite chouette qui fut la plus abondante dans nos campagnes jusque dans les ann\u00e9es 70 conna\u00eet de r\u00e9elles difficult\u00e9s. Pourquoi ? Perte d&rsquo;habitat, [&hellip;]<\/p>\n","protected":false},"author":1,"featured_media":0,"parent":0,"menu_order":0,"comment_status":"closed","ping_status":"closed","template":"","meta":{"_et_pb_use_builder":"on","_et_pb_old_content":"","_et_gb_content_width":"","footnotes":""},"class_list":["post-2690","page","type-page","status-publish","hentry"],"yoast_head":"<!-- This site is optimized with the Yoast SEO plugin v27.6 - https:\/\/yoast.com\/product\/yoast-seo-wordpress\/ -->\n<title>Le jeu chouette (ou un bref aper\u00e7u de la vie de la chouette Chev\u00eache) - La Nature d&#039;Eric<\/title>\n<meta name=\"robots\" content=\"index, follow, max-snippet:-1, max-image-preview:large, max-video-preview:-1\" \/>\n<link rel=\"canonical\" href=\"https:\/\/art-et-culture-du-monde.fr\/blog\/le-jeu-chouette-ou-un-bref-apercu-de-la-vie-de-la-chouette-cheveche\/\" \/>\n<meta property=\"og:locale\" content=\"fr_FR\" \/>\n<meta property=\"og:type\" content=\"article\" \/>\n<meta property=\"og:title\" content=\"Le jeu chouette (ou un bref aper\u00e7u de la vie de la chouette Chev\u00eache) - La Nature d&#039;Eric\" \/>\n<meta property=\"og:description\" content=\"- Le jeu chouette ou l&#039;aper\u00e7u de la vie de la Chev\u00eache - Mettez vous dans la peau de la Chouette Chev\u00eache et essayer de survivre jusqu&#039;\u00e0 l&#039;ann\u00e9e suivante ! Cette petite chouette qui fut la plus abondante dans nos campagnes jusque dans les ann\u00e9es 70 conna\u00eet de r\u00e9elles difficult\u00e9s. Pourquoi ? Perte d&#039;habitat, [&hellip;]\" \/>\n<meta property=\"og:url\" content=\"https:\/\/art-et-culture-du-monde.fr\/blog\/le-jeu-chouette-ou-un-bref-apercu-de-la-vie-de-la-chouette-cheveche\/\" \/>\n<meta property=\"og:site_name\" content=\"La Nature d&#039;Eric\" \/>\n<meta property=\"article:publisher\" content=\"https:\/\/www.facebook.com\/Art-et-Culture-du-Monde-ACM-175103796680\/\" \/>\n<meta property=\"article:modified_time\" content=\"2019-03-18T09:58:44+00:00\" \/>\n<meta name=\"twitter:card\" content=\"summary_large_image\" \/>\n<meta name=\"twitter:label1\" content=\"Dur\u00e9e de lecture estim\u00e9e\" \/>\n\t<meta name=\"twitter:data1\" content=\"7 minutes\" \/>\n<script type=\"application\/ld+json\" class=\"yoast-schema-graph\">{\"@context\":\"https:\\\/\\\/schema.org\",\"@graph\":[{\"@type\":\"WebPage\",\"@id\":\"https:\\\/\\\/art-et-culture-du-monde.fr\\\/blog\\\/le-jeu-chouette-ou-un-bref-apercu-de-la-vie-de-la-chouette-cheveche\\\/\",\"url\":\"https:\\\/\\\/art-et-culture-du-monde.fr\\\/blog\\\/le-jeu-chouette-ou-un-bref-apercu-de-la-vie-de-la-chouette-cheveche\\\/\",\"name\":\"Le jeu chouette (ou un bref aper\u00e7u de la vie de la chouette Chev\u00eache) - La Nature d&#039;Eric\",\"isPartOf\":{\"@id\":\"https:\\\/\\\/art-et-culture-du-monde.fr\\\/blog\\\/#website\"},\"datePublished\":\"2019-03-18T09:47:15+00:00\",\"dateModified\":\"2019-03-18T09:58:44+00:00\",\"breadcrumb\":{\"@id\":\"https:\\\/\\\/art-et-culture-du-monde.fr\\\/blog\\\/le-jeu-chouette-ou-un-bref-apercu-de-la-vie-de-la-chouette-cheveche\\\/#breadcrumb\"},\"inLanguage\":\"fr-FR\",\"potentialAction\":[{\"@type\":\"ReadAction\",\"target\":[\"https:\\\/\\\/art-et-culture-du-monde.fr\\\/blog\\\/le-jeu-chouette-ou-un-bref-apercu-de-la-vie-de-la-chouette-cheveche\\\/\"]}]},{\"@type\":\"BreadcrumbList\",\"@id\":\"https:\\\/\\\/art-et-culture-du-monde.fr\\\/blog\\\/le-jeu-chouette-ou-un-bref-apercu-de-la-vie-de-la-chouette-cheveche\\\/#breadcrumb\",\"itemListElement\":[{\"@type\":\"ListItem\",\"position\":1,\"name\":\"Accueil\",\"item\":\"https:\\\/\\\/art-et-culture-du-monde.fr\\\/blog\\\/\"},{\"@type\":\"ListItem\",\"position\":2,\"name\":\"Le jeu chouette (ou un bref aper\u00e7u de la vie de la chouette Chev\u00eache)\"}]},{\"@type\":\"WebSite\",\"@id\":\"https:\\\/\\\/art-et-culture-du-monde.fr\\\/blog\\\/#website\",\"url\":\"https:\\\/\\\/art-et-culture-du-monde.fr\\\/blog\\\/\",\"name\":\"La Nature d&#039;Eric\",\"description\":\"D\u00e9couvrir - Partager - Pr\u00e9server\",\"potentialAction\":[{\"@type\":\"SearchAction\",\"target\":{\"@type\":\"EntryPoint\",\"urlTemplate\":\"https:\\\/\\\/art-et-culture-du-monde.fr\\\/blog\\\/?s={search_term_string}\"},\"query-input\":{\"@type\":\"PropertyValueSpecification\",\"valueRequired\":true,\"valueName\":\"search_term_string\"}}],\"inLanguage\":\"fr-FR\"}]}<\/script>\n<!-- \/ Yoast SEO plugin. -->","yoast_head_json":{"title":"Le jeu chouette (ou un bref aper\u00e7u de la vie de la chouette Chev\u00eache) - La Nature d&#039;Eric","robots":{"index":"index","follow":"follow","max-snippet":"max-snippet:-1","max-image-preview":"max-image-preview:large","max-video-preview":"max-video-preview:-1"},"canonical":"https:\/\/art-et-culture-du-monde.fr\/blog\/le-jeu-chouette-ou-un-bref-apercu-de-la-vie-de-la-chouette-cheveche\/","og_locale":"fr_FR","og_type":"article","og_title":"Le jeu chouette (ou un bref aper\u00e7u de la vie de la chouette Chev\u00eache) - La Nature d&#039;Eric","og_description":"- Le jeu chouette ou l'aper\u00e7u de la vie de la Chev\u00eache - Mettez vous dans la peau de la Chouette Chev\u00eache et essayer de survivre jusqu'\u00e0 l'ann\u00e9e suivante ! Cette petite chouette qui fut la plus abondante dans nos campagnes jusque dans les ann\u00e9es 70 conna\u00eet de r\u00e9elles difficult\u00e9s. Pourquoi ? Perte d'habitat, [&hellip;]","og_url":"https:\/\/art-et-culture-du-monde.fr\/blog\/le-jeu-chouette-ou-un-bref-apercu-de-la-vie-de-la-chouette-cheveche\/","og_site_name":"La Nature d&#039;Eric","article_publisher":"https:\/\/www.facebook.com\/Art-et-Culture-du-Monde-ACM-175103796680\/","article_modified_time":"2019-03-18T09:58:44+00:00","twitter_card":"summary_large_image","twitter_misc":{"Dur\u00e9e de lecture estim\u00e9e":"7 minutes"},"schema":{"@context":"https:\/\/schema.org","@graph":[{"@type":"WebPage","@id":"https:\/\/art-et-culture-du-monde.fr\/blog\/le-jeu-chouette-ou-un-bref-apercu-de-la-vie-de-la-chouette-cheveche\/","url":"https:\/\/art-et-culture-du-monde.fr\/blog\/le-jeu-chouette-ou-un-bref-apercu-de-la-vie-de-la-chouette-cheveche\/","name":"Le jeu chouette (ou un bref aper\u00e7u de la vie de la chouette Chev\u00eache) - La Nature d&#039;Eric","isPartOf":{"@id":"https:\/\/art-et-culture-du-monde.fr\/blog\/#website"},"datePublished":"2019-03-18T09:47:15+00:00","dateModified":"2019-03-18T09:58:44+00:00","breadcrumb":{"@id":"https:\/\/art-et-culture-du-monde.fr\/blog\/le-jeu-chouette-ou-un-bref-apercu-de-la-vie-de-la-chouette-cheveche\/#breadcrumb"},"inLanguage":"fr-FR","potentialAction":[{"@type":"ReadAction","target":["https:\/\/art-et-culture-du-monde.fr\/blog\/le-jeu-chouette-ou-un-bref-apercu-de-la-vie-de-la-chouette-cheveche\/"]}]},{"@type":"BreadcrumbList","@id":"https:\/\/art-et-culture-du-monde.fr\/blog\/le-jeu-chouette-ou-un-bref-apercu-de-la-vie-de-la-chouette-cheveche\/#breadcrumb","itemListElement":[{"@type":"ListItem","position":1,"name":"Accueil","item":"https:\/\/art-et-culture-du-monde.fr\/blog\/"},{"@type":"ListItem","position":2,"name":"Le jeu chouette (ou un bref aper\u00e7u de la vie de la chouette Chev\u00eache)"}]},{"@type":"WebSite","@id":"https:\/\/art-et-culture-du-monde.fr\/blog\/#website","url":"https:\/\/art-et-culture-du-monde.fr\/blog\/","name":"La Nature d&#039;Eric","description":"D\u00e9couvrir - Partager - Pr\u00e9server","potentialAction":[{"@type":"SearchAction","target":{"@type":"EntryPoint","urlTemplate":"https:\/\/art-et-culture-du-monde.fr\/blog\/?s={search_term_string}"},"query-input":{"@type":"PropertyValueSpecification","valueRequired":true,"valueName":"search_term_string"}}],"inLanguage":"fr-FR"}]}},"jetpack-related-posts":[],"jetpack_sharing_enabled":true,"_links":{"self":[{"href":"https:\/\/art-et-culture-du-monde.fr\/blog\/wp-json\/wp\/v2\/pages\/2690","targetHints":{"allow":["GET"]}}],"collection":[{"href":"https:\/\/art-et-culture-du-monde.fr\/blog\/wp-json\/wp\/v2\/pages"}],"about":[{"href":"https:\/\/art-et-culture-du-monde.fr\/blog\/wp-json\/wp\/v2\/types\/page"}],"author":[{"embeddable":true,"href":"https:\/\/art-et-culture-du-monde.fr\/blog\/wp-json\/wp\/v2\/users\/1"}],"replies":[{"embeddable":true,"href":"https:\/\/art-et-culture-du-monde.fr\/blog\/wp-json\/wp\/v2\/comments?post=2690"}],"version-history":[{"count":59,"href":"https:\/\/art-et-culture-du-monde.fr\/blog\/wp-json\/wp\/v2\/pages\/2690\/revisions"}],"predecessor-version":[{"id":2768,"href":"https:\/\/art-et-culture-du-monde.fr\/blog\/wp-json\/wp\/v2\/pages\/2690\/revisions\/2768"}],"wp:attachment":[{"href":"https:\/\/art-et-culture-du-monde.fr\/blog\/wp-json\/wp\/v2\/media?parent=2690"}],"curies":[{"name":"wp","href":"https:\/\/api.w.org\/{rel}","templated":true}]}}