{"id":219,"date":"2016-03-31T13:11:11","date_gmt":"2016-03-31T11:11:11","guid":{"rendered":"http:\/\/art-et-culture-du-monde.fr\/blog\/?page_id=219"},"modified":"2024-03-09T15:33:37","modified_gmt":"2024-03-09T14:33:37","slug":"geographie","status":"publish","type":"page","link":"https:\/\/art-et-culture-du-monde.fr\/blog\/dossier-yukon\/geographie\/","title":{"rendered":"G\u00e9ographie"},"content":{"rendered":"<p>[et_pb_section fb_built=\u00a0\u00bb1&Prime; _builder_version=\u00a0\u00bb4.16&Prime; global_colors_info=\u00a0\u00bb{}\u00a0\u00bb][et_pb_row _builder_version=\u00a0\u00bb4.16&Prime; background_size=\u00a0\u00bbinitial\u00a0\u00bb background_position=\u00a0\u00bbtop_left\u00a0\u00bb background_repeat=\u00a0\u00bbrepeat\u00a0\u00bb global_colors_info=\u00a0\u00bb{}\u00a0\u00bb][et_pb_column type=\u00a0\u00bb4_4&Prime; _builder_version=\u00a0\u00bb4.16&Prime; custom_padding=\u00a0\u00bb|||\u00a0\u00bb global_colors_info=\u00a0\u00bb{}\u00a0\u00bb custom_padding__hover=\u00a0\u00bb|||\u00a0\u00bb][et_pb_text admin_label=\u00a0\u00bbG\u00e9ographie\u00a0\u00bb _builder_version=\u00a0\u00bb4.23.4&Prime; text_line_height=\u00a0\u00bb2.3em\u00a0\u00bb header_line_height=\u00a0\u00bb2em\u00a0\u00bb background_color=\u00a0\u00bb#7cda24&Prime; background_size=\u00a0\u00bbinitial\u00a0\u00bb background_position=\u00a0\u00bbtop_left\u00a0\u00bb background_repeat=\u00a0\u00bbrepeat\u00a0\u00bb hover_enabled=\u00a0\u00bb0&Prime; use_border_color=\u00a0\u00bboff\u00a0\u00bb saved_tabs=\u00a0\u00bball\u00a0\u00bb global_colors_info=\u00a0\u00bb{}\u00a0\u00bb sticky_enabled=\u00a0\u00bb0&Prime;]<\/p>\n<p style=\"text-align: center;\">&#8211;<\/p>\n<h2 style=\"text-align: center;\">La G\u00e9ographie du Yukon<\/h2>\n<p style=\"text-align: center;\">&#8211;<\/p>\n<p>[\/et_pb_text][\/et_pb_column][\/et_pb_row][et_pb_row _builder_version=\u00a0\u00bb4.16&Prime; background_size=\u00a0\u00bbinitial\u00a0\u00bb background_position=\u00a0\u00bbtop_left\u00a0\u00bb background_repeat=\u00a0\u00bbrepeat\u00a0\u00bb global_colors_info=\u00a0\u00bb{}\u00a0\u00bb column_structure=\u00a0\u00bb2_3,1_3&Prime;][et_pb_column type=\u00a0\u00bb2_3&Prime; _builder_version=\u00a0\u00bb4.16&Prime; custom_padding=\u00a0\u00bb|||\u00a0\u00bb global_colors_info=\u00a0\u00bb{}\u00a0\u00bb custom_padding__hover=\u00a0\u00bb|||\u00a0\u00bb][et_pb_text admin_label=\u00a0\u00bb1er paragraphe\u00a0\u00bb _builder_version=\u00a0\u00bb4.23.4&Prime; hover_enabled=\u00a0\u00bb0&Prime; global_colors_info=\u00a0\u00bb{}\u00a0\u00bb sticky_enabled=\u00a0\u00bb0&Prime;]<\/p>\n<p><span style=\"font-size: large;\">Le Yukon est un des territoires et provinces qui composent le Canada. Il se situe \u00e0 l&rsquo;extr\u00eame Nord-Ouest du Canada et touche l&rsquo;Alaska. La capitale du territoire, Whitehorse, se situe \u00e0 environ 7000km de la France.<\/span><\/p>\n<p>[\/et_pb_text][\/et_pb_column][et_pb_column type=\u00a0\u00bb1_3&Prime; _builder_version=\u00a0\u00bb4.16&Prime; custom_padding=\u00a0\u00bb|||\u00a0\u00bb global_colors_info=\u00a0\u00bb{}\u00a0\u00bb custom_padding__hover=\u00a0\u00bb|||\u00a0\u00bb][et_pb_image src=\u00a0\u00bbhttps:\/\/art-et-culture-du-monde.fr\/blog\/wp-content\/uploads\/2016\/03\/carte_monde.gif\u00a0\u00bb align_tablet=\u00a0\u00bbcenter\u00a0\u00bb align_last_edited=\u00a0\u00bbon|desktop\u00a0\u00bb _builder_version=\u00a0\u00bb4.16&Prime; global_colors_info=\u00a0\u00bb{}\u00a0\u00bb align_phone=\u00a0\u00bbcenter\u00a0\u00bb][\/et_pb_image][\/et_pb_column][\/et_pb_row][et_pb_row _builder_version=\u00a0\u00bb4.16&Prime; background_size=\u00a0\u00bbinitial\u00a0\u00bb background_position=\u00a0\u00bbtop_left\u00a0\u00bb background_repeat=\u00a0\u00bbrepeat\u00a0\u00bb global_colors_info=\u00a0\u00bb{}\u00a0\u00bb column_structure=\u00a0\u00bb1_4,3_4&Prime;][et_pb_column type=\u00a0\u00bb1_4&Prime; _builder_version=\u00a0\u00bb4.16&Prime; custom_padding=\u00a0\u00bb|||\u00a0\u00bb global_colors_info=\u00a0\u00bb{}\u00a0\u00bb custom_padding__hover=\u00a0\u00bb|||\u00a0\u00bb][et_pb_image src=\u00a0\u00bbhttps:\/\/art-et-culture-du-monde.fr\/blog\/wp-content\/uploads\/2016\/03\/carte_yukon2.jpg\u00a0\u00bb align_tablet=\u00a0\u00bbcenter\u00a0\u00bb align_last_edited=\u00a0\u00bbon|desktop\u00a0\u00bb _builder_version=\u00a0\u00bb4.16&Prime; global_colors_info=\u00a0\u00bb{}\u00a0\u00bb align_phone=\u00a0\u00bbcenter\u00a0\u00bb][\/et_pb_image][\/et_pb_column][et_pb_column type=\u00a0\u00bb3_4&Prime; _builder_version=\u00a0\u00bb4.16&Prime; custom_padding=\u00a0\u00bb|||\u00a0\u00bb global_colors_info=\u00a0\u00bb{}\u00a0\u00bb custom_padding__hover=\u00a0\u00bb|||\u00a0\u00bb][et_pb_text admin_label=\u00a0\u00bb2ieme paragraphe\u00a0\u00bb _builder_version=\u00a0\u00bb4.23.4&Prime; hover_enabled=\u00a0\u00bb0&Prime; global_colors_info=\u00a0\u00bb{}\u00a0\u00bb sticky_enabled=\u00a0\u00bb0&Prime;]<\/p>\n<p><span style=\"font-size: large;\">Le Yukon est d&rsquo;abord un fleuve qui va de des montagnes rocheuses en Colombie Britannique jusqu&rsquo;\u00e0 la mer de B\u00e9ring sur une longueur d&rsquo;environ 3100km.<br \/>Il a donn\u00e9 son nom \u00e0 un territoire canadien d&rsquo;une superficie de pr\u00e9s de 480 000 km2 (550 000 km2 pour la France) avec une population bien inf\u00e9rieure d&rsquo;environ 40000 habitants dont 20000 dans la capitale !<br \/>Quelques distances pour donner l&rsquo;\u00e9chelle du territoire:<\/span><\/p>\n<p>&nbsp;<\/p>\n<ul>\n<li>Whitehorse &#8211; Dawson city 530 km<\/li>\n<li>Dawson city \u2013 Inuvik 760 km<\/li>\n<\/ul>\n<p>&nbsp;<\/p>\n<p><span style=\"font-size: large;\">Maintenant, une petite devinette&#8230; Cela peut sembler curieux d&rsquo;avoir ce morceau des USA (L&rsquo;Alaska) s\u00e9par\u00e9 des USA par le Canada.<br \/><i><span style=\"font-size: large;\">L&rsquo;Alaska ne devrait-il pas appartenir au Canada ? R\u00e9ponse \u00a0<a href=\"https:\/\/art-et-culture-du-monde.fr\/blog\/dossier-yukon\/pourquoi-lalaska-ne-fait-elle-pas-partie-du-canada\/\" target=\"_blank\" rel=\"noopener\"><span style=\"font-size: large;\">ici !<\/span><\/a><\/span><\/i><\/span><\/p>\n<p>[\/et_pb_text][\/et_pb_column][\/et_pb_row][et_pb_row _builder_version=\u00a0\u00bb4.16&Prime; background_size=\u00a0\u00bbinitial\u00a0\u00bb background_position=\u00a0\u00bbtop_left\u00a0\u00bb background_repeat=\u00a0\u00bbrepeat\u00a0\u00bb global_colors_info=\u00a0\u00bb{}\u00a0\u00bb][et_pb_column type=\u00a0\u00bb4_4&Prime; _builder_version=\u00a0\u00bb4.16&Prime; custom_padding=\u00a0\u00bb|||\u00a0\u00bb global_colors_info=\u00a0\u00bb{}\u00a0\u00bb custom_padding__hover=\u00a0\u00bb|||\u00a0\u00bb][et_pb_text _builder_version=\u00a0\u00bb4.23.4&Prime; hover_enabled=\u00a0\u00bb0&Prime; global_colors_info=\u00a0\u00bb{}\u00a0\u00bb sticky_enabled=\u00a0\u00bb0&Prime;]<\/p>\n<p><span style=\"font-size: large;\"><span style=\"font-size: medium;\">Vous noterez que chaque territoire ou province du Canada a son drapeau, mais c&rsquo;est aussi le cas de la communaut\u00e9 francophone. Ainsi pour le Yukon, le drapeau est :<\/span><\/span><a href=\"https:\/\/art-et-culture-du-monde.fr\/blog\/wp-content\/uploads\/2016\/03\/drapeau_yukon.gif\"><img loading=\"lazy\" decoding=\"async\" class=\" size-full wp-image-224 aligncenter\" src=\"https:\/\/art-et-culture-du-monde.fr\/blog\/wp-content\/uploads\/2016\/03\/drapeau_yukon.gif\" alt=\"drapeau yukon\" width=\"253\" height=\"128\" \/><\/a><\/p>\n<p><span style=\"font-size: large;\">Et celui de la communaut\u00e9 francophone o\u00f9 le bleu \u00e9voque la francophonie (d\u2019apr\u00e8s le drapeau bleu \u00e0 fleur de lys de la royaut\u00e9), le blanc la neige, et le jaune la ru\u00e9e vers l&rsquo;or, est :<\/span><\/p>\n<p><a href=\"https:\/\/art-et-culture-du-monde.fr\/blog\/wp-content\/uploads\/2016\/03\/drapeau_francophone.gif\"><img loading=\"lazy\" decoding=\"async\" class=\" size-full wp-image-223 aligncenter\" src=\"https:\/\/art-et-culture-du-monde.fr\/blog\/wp-content\/uploads\/2016\/03\/drapeau_francophone.gif\" alt=\"drapeau_francophone\" width=\"253\" height=\"128\" \/><\/a><\/p>\n<p><span style=\"font-size: large;\">La communaut\u00e9 francophone bien que non majoritaire n&rsquo;est pas n\u00e9gligeable.<\/span><\/p>\n<p><span style=\"font-size: large;\">De plus, la communaut\u00e9 francophone est tr\u00e8s pr\u00e9sente par le dynamisme de l&rsquo;association franco-yukonaise (afy).<\/span><\/p>\n<p>[\/et_pb_text][et_pb_text admin_label=\u00a0\u00bbBas de page\u00a0\u00bb _builder_version=\u00a0\u00bb4.16&Prime; background_color=\u00a0\u00bb#7cda24&Prime; background_size=\u00a0\u00bbinitial\u00a0\u00bb background_position=\u00a0\u00bbtop_left\u00a0\u00bb background_repeat=\u00a0\u00bbrepeat\u00a0\u00bb custom_padding=\u00a0\u00bb|140px||140px\u00a0\u00bb custom_padding_tablet=\u00a0\u00bb\u00a0\u00bb custom_padding_phone=\u00a0\u00bb|20px||20px\u00a0\u00bb custom_padding_last_edited=\u00a0\u00bbon|phone\u00a0\u00bb use_border_color=\u00a0\u00bboff\u00a0\u00bb saved_tabs=\u00a0\u00bball\u00a0\u00bb global_colors_info=\u00a0\u00bb{}\u00a0\u00bb]<\/p>\n<p style=\"text-align: center;\">&#8211;<\/p>\n<p style=\"text-align: center;\"><a href='https:\/\/art-et-culture-du-monde.fr\/blog\/dossier-yukon\/' class='small-button smallblue'><span style=\"font-size: large;\">Retour vers le dossier Yukon<\/span><\/a><\/p>\n<p style=\"text-align: center;\">&#8211;<\/p>\n<p>[\/et_pb_text][\/et_pb_column][\/et_pb_row][\/et_pb_section]<\/p>\n","protected":false},"excerpt":{"rendered":"<p>&#8211; La G\u00e9ographie du Yukon -Le Yukon est un des territoires et provinces qui composent le Canada. Il se situe \u00e0 l&rsquo;extr\u00eame Nord-Ouest du Canada et touche l&rsquo;Alaska. La capitale du territoire, Whitehorse, se situe \u00e0 environ 7000km de la France.Le Yukon est d&rsquo;abord un fleuve qui va de des montagnes rocheuses en Colombie Britannique [&hellip;]<\/p>\n","protected":false},"author":1,"featured_media":0,"parent":205,"menu_order":0,"comment_status":"open","ping_status":"open","template":"","meta":{"_et_pb_use_builder":"on","_et_pb_old_content":"<p><span style=\"font-size: medium;\"><a href=\"http:\/\/art-et-culture-du-monde.fr\/blog\/wp-content\/uploads\/2016\/03\/carte_monde.gif\"><img class=\" size-medium wp-image-221 alignright\" src=\"http:\/\/art-et-culture-du-monde.fr\/blog\/wp-content\/uploads\/2016\/03\/carte_monde-300x211.gif\" alt=\"carte_monde\" width=\"300\" height=\"211\" \/><\/a><\/span><\/p><p><span style=\"font-size: medium;\">Le Yukon est un des territoires et provinces qui composent le Canada. Il se situe \u00e0 l'extr\u00eame Nord-Ouest du Canada et touche l'Alaska. La capita<\/span><span style=\"font-size: medium;\">le <\/span><span style=\"font-size: medium;\">du territoire, Whitehorse, se situe \u00e0 environ 7000km de la France.<\/span><\/p><p>\u00a0<\/p><p>\u00a0<\/p><p><a href=\"http:\/\/art-et-culture-du-monde.fr\/blog\/wp-content\/uploads\/2016\/03\/carte_yukon2.jpg\"><img class=\" size-medium wp-image-222 alignleft\" src=\"http:\/\/art-et-culture-du-monde.fr\/blog\/wp-content\/uploads\/2016\/03\/carte_yukon2-241x300.jpg\" alt=\"carte_yukon2\" width=\"241\" height=\"300\" \/><\/a>Le Yukon est d'abord un fleuve qui va de des montagnes rocheuses en Colombie Britannique jusqu'\u00e0 la mer de B\u00e9ring sur une longueur d'environ 3100km.<br \/>Il a donn\u00e9 son nom \u00e0 un territoire canadien d'une superficie de pr\u00e9s de 480 000 km2 (550 000 km2 pour la France) avec une population bien inf\u00e9rieure de 37000 habitants dont 20000 dans la capitale !<br \/>Quelques distances pour donner l'\u00e9chelle du territoire:<\/p><ul><li>Whitehorse - Dawson city 530 km<\/li><li>Dawson city \u2013 Inuvik 760 km<\/li><\/ul><p>\u00a0<\/p><p>Maintenant, une petite devinette... Cela peut sembler curieux d'avoir ce morceau des USA (L'Alaska) s\u00e9par\u00e9 des USA par le Canada.<br \/><i>L'Alaska ne devrait-il pas appartenir au Canada ? R\u00e9ponse \u00a0<a href=\"http:\/\/art-et-culture-du-monde.fr\/blog\/dossier-yukon\/pourquoi-lalaska-ne-fait-elle-pas-partie-du-canada\/\" target=\"_blank\" rel=\"noopener\">ici !<\/a><br \/><\/i><\/p><p><span style=\"font-size: medium;\"><span style=\"font-size: medium;\">Vous noterez que chaque territoire ou province du Canada a son drapeau, mais c'est aussi le cas de la communaut\u00e9 francophone. Ainsi pour le Yukon, le drapeau est :<\/span><\/span><a href=\"http:\/\/art-et-culture-du-monde.fr\/blog\/wp-content\/uploads\/2016\/03\/drapeau_yukon.gif\"><img class=\" size-full wp-image-224 aligncenter\" src=\"http:\/\/art-et-culture-du-monde.fr\/blog\/wp-content\/uploads\/2016\/03\/drapeau_yukon.gif\" alt=\"drapeau yukon\" width=\"253\" height=\"128\" \/><\/a><\/p><p><span style=\"font-size: medium;\">Et celui de la communaut\u00e9 francophone o\u00f9 le bleu \u00e9voque la francophonie (d\u2019apr\u00e8s le drapeau bleu \u00e0 fleur de lys de la royaut\u00e9), le blanc la neige, et le jaune la ru\u00e9e vers l'or, est :<\/span><\/p><p><a href=\"http:\/\/art-et-culture-du-monde.fr\/blog\/wp-content\/uploads\/2016\/03\/drapeau_francophone.gif\"><img class=\" size-full wp-image-223 aligncenter\" src=\"http:\/\/art-et-culture-du-monde.fr\/blog\/wp-content\/uploads\/2016\/03\/drapeau_francophone.gif\" alt=\"drapeau_francophone\" width=\"253\" height=\"128\" \/><\/a><\/p><p><span style=\"font-size: medium;\">La communaut\u00e9 francophone bien que non majoritaire n'est pas n\u00e9gligeable:<\/span><\/p><ul><li><span style=\"color: #000000;\"><span style=\"font-family: Times New Roman,serif;\"><span style=\"font-size: medium;\">4% de francophones vivent au Yukon<\/span><\/span><\/span><\/li><li><p align=\"LEFT\"><span style=\"color: #000000;\"><span style=\"font-family: Times New Roman,serif;\"><span style=\"font-size: medium;\">10% de la population parle fran\u00e7ais.<\/span><\/span><\/span><\/p><\/li><\/ul><p><span style=\"font-size: medium;\">De plus, la communaut\u00e9 francophone est tr\u00e8s pr\u00e9sente par le dynamisme de l'association franco-yukonaise (afy).<\/span><\/p>","_et_gb_content_width":"","footnotes":""},"class_list":["post-219","page","type-page","status-publish","hentry"],"yoast_head":"<!-- This site is optimized with the Yoast SEO plugin v27.2 - https:\/\/yoast.com\/product\/yoast-seo-wordpress\/ -->\n<title>La g\u00e9ographie du territoire du Yukon (Nord-Ouest du Canada)<\/title>\n<meta name=\"description\" content=\"Quelques \u00e9l\u00e9ments de g\u00e9ographie et d\u00e9mographie du territoire du Yukon au Nord-Ouest du Canada. Ce territoire est m\u00e9connu en France.\" \/>\n<meta name=\"robots\" content=\"index, follow, max-snippet:-1, max-image-preview:large, max-video-preview:-1\" \/>\n<link rel=\"canonical\" href=\"https:\/\/art-et-culture-du-monde.fr\/blog\/dossier-yukon\/geographie\/\" \/>\n<meta property=\"og:locale\" content=\"fr_FR\" \/>\n<meta property=\"og:type\" content=\"article\" \/>\n<meta property=\"og:title\" content=\"La g\u00e9ographie du territoire du Yukon (Nord-Ouest du Canada)\" \/>\n<meta property=\"og:description\" content=\"Quelques \u00e9l\u00e9ments de g\u00e9ographie et d\u00e9mographie du territoire du Yukon au Nord-Ouest du Canada. Ce territoire est m\u00e9connu en France.\" \/>\n<meta property=\"og:url\" content=\"https:\/\/art-et-culture-du-monde.fr\/blog\/dossier-yukon\/geographie\/\" \/>\n<meta property=\"og:site_name\" content=\"La Nature d&#039;Eric\" \/>\n<meta property=\"article:publisher\" content=\"https:\/\/www.facebook.com\/Art-et-Culture-du-Monde-ACM-175103796680\/\" \/>\n<meta property=\"article:modified_time\" content=\"2024-03-09T14:33:37+00:00\" \/>\n<meta property=\"og:image\" content=\"https:\/\/art-et-culture-du-monde.fr\/blog\/wp-content\/uploads\/2016\/03\/drapeau_yukon.gif\" \/>\n<meta name=\"twitter:card\" content=\"summary_large_image\" \/>\n<meta name=\"twitter:label1\" content=\"Dur\u00e9e de lecture estim\u00e9e\" \/>\n\t<meta name=\"twitter:data1\" content=\"3 minutes\" \/>\n<script type=\"application\/ld+json\" class=\"yoast-schema-graph\">{\"@context\":\"https:\/\/schema.org\",\"@graph\":[{\"@type\":\"WebPage\",\"@id\":\"https:\/\/art-et-culture-du-monde.fr\/blog\/dossier-yukon\/geographie\/\",\"url\":\"https:\/\/art-et-culture-du-monde.fr\/blog\/dossier-yukon\/geographie\/\",\"name\":\"La g\u00e9ographie du territoire du Yukon (Nord-Ouest du Canada)\",\"isPartOf\":{\"@id\":\"https:\/\/art-et-culture-du-monde.fr\/blog\/#website\"},\"primaryImageOfPage\":{\"@id\":\"https:\/\/art-et-culture-du-monde.fr\/blog\/dossier-yukon\/geographie\/#primaryimage\"},\"image\":{\"@id\":\"https:\/\/art-et-culture-du-monde.fr\/blog\/dossier-yukon\/geographie\/#primaryimage\"},\"thumbnailUrl\":\"https:\/\/art-et-culture-du-monde.fr\/blog\/wp-content\/uploads\/2016\/03\/drapeau_yukon.gif\",\"datePublished\":\"2016-03-31T11:11:11+00:00\",\"dateModified\":\"2024-03-09T14:33:37+00:00\",\"description\":\"Quelques \u00e9l\u00e9ments de g\u00e9ographie et d\u00e9mographie du territoire du Yukon au Nord-Ouest du Canada. Ce territoire est m\u00e9connu en France.\",\"breadcrumb\":{\"@id\":\"https:\/\/art-et-culture-du-monde.fr\/blog\/dossier-yukon\/geographie\/#breadcrumb\"},\"inLanguage\":\"fr-FR\",\"potentialAction\":[{\"@type\":\"ReadAction\",\"target\":[\"https:\/\/art-et-culture-du-monde.fr\/blog\/dossier-yukon\/geographie\/\"]}]},{\"@type\":\"ImageObject\",\"inLanguage\":\"fr-FR\",\"@id\":\"https:\/\/art-et-culture-du-monde.fr\/blog\/dossier-yukon\/geographie\/#primaryimage\",\"url\":\"https:\/\/art-et-culture-du-monde.fr\/blog\/wp-content\/uploads\/2016\/03\/drapeau_yukon.gif\",\"contentUrl\":\"https:\/\/art-et-culture-du-monde.fr\/blog\/wp-content\/uploads\/2016\/03\/drapeau_yukon.gif\",\"width\":253,\"height\":128,\"caption\":\"drapeau yukon\"},{\"@type\":\"BreadcrumbList\",\"@id\":\"https:\/\/art-et-culture-du-monde.fr\/blog\/dossier-yukon\/geographie\/#breadcrumb\",\"itemListElement\":[{\"@type\":\"ListItem\",\"position\":1,\"name\":\"Accueil\",\"item\":\"https:\/\/art-et-culture-du-monde.fr\/blog\/\"},{\"@type\":\"ListItem\",\"position\":2,\"name\":\"Dossier Yukon\",\"item\":\"https:\/\/art-et-culture-du-monde.fr\/blog\/dossier-yukon\/\"},{\"@type\":\"ListItem\",\"position\":3,\"name\":\"G\u00e9ographie\"}]},{\"@type\":\"WebSite\",\"@id\":\"https:\/\/art-et-culture-du-monde.fr\/blog\/#website\",\"url\":\"https:\/\/art-et-culture-du-monde.fr\/blog\/\",\"name\":\"La Nature d&#039;Eric\",\"description\":\"D\u00e9couvrir - Partager - Pr\u00e9server\",\"potentialAction\":[{\"@type\":\"SearchAction\",\"target\":{\"@type\":\"EntryPoint\",\"urlTemplate\":\"https:\/\/art-et-culture-du-monde.fr\/blog\/?s={search_term_string}\"},\"query-input\":{\"@type\":\"PropertyValueSpecification\",\"valueRequired\":true,\"valueName\":\"search_term_string\"}}],\"inLanguage\":\"fr-FR\"}]}<\/script>\n<!-- \/ Yoast SEO plugin. -->","yoast_head_json":{"title":"La g\u00e9ographie du territoire du Yukon (Nord-Ouest du Canada)","description":"Quelques \u00e9l\u00e9ments de g\u00e9ographie et d\u00e9mographie du territoire du Yukon au Nord-Ouest du Canada. Ce territoire est m\u00e9connu en France.","robots":{"index":"index","follow":"follow","max-snippet":"max-snippet:-1","max-image-preview":"max-image-preview:large","max-video-preview":"max-video-preview:-1"},"canonical":"https:\/\/art-et-culture-du-monde.fr\/blog\/dossier-yukon\/geographie\/","og_locale":"fr_FR","og_type":"article","og_title":"La g\u00e9ographie du territoire du Yukon (Nord-Ouest du Canada)","og_description":"Quelques \u00e9l\u00e9ments de g\u00e9ographie et d\u00e9mographie du territoire du Yukon au Nord-Ouest du Canada. Ce territoire est m\u00e9connu en France.","og_url":"https:\/\/art-et-culture-du-monde.fr\/blog\/dossier-yukon\/geographie\/","og_site_name":"La Nature d&#039;Eric","article_publisher":"https:\/\/www.facebook.com\/Art-et-Culture-du-Monde-ACM-175103796680\/","article_modified_time":"2024-03-09T14:33:37+00:00","og_image":[{"url":"https:\/\/art-et-culture-du-monde.fr\/blog\/wp-content\/uploads\/2016\/03\/drapeau_yukon.gif","type":"","width":"","height":""}],"twitter_card":"summary_large_image","twitter_misc":{"Dur\u00e9e de lecture estim\u00e9e":"3 minutes"},"schema":{"@context":"https:\/\/schema.org","@graph":[{"@type":"WebPage","@id":"https:\/\/art-et-culture-du-monde.fr\/blog\/dossier-yukon\/geographie\/","url":"https:\/\/art-et-culture-du-monde.fr\/blog\/dossier-yukon\/geographie\/","name":"La g\u00e9ographie du territoire du Yukon (Nord-Ouest du Canada)","isPartOf":{"@id":"https:\/\/art-et-culture-du-monde.fr\/blog\/#website"},"primaryImageOfPage":{"@id":"https:\/\/art-et-culture-du-monde.fr\/blog\/dossier-yukon\/geographie\/#primaryimage"},"image":{"@id":"https:\/\/art-et-culture-du-monde.fr\/blog\/dossier-yukon\/geographie\/#primaryimage"},"thumbnailUrl":"https:\/\/art-et-culture-du-monde.fr\/blog\/wp-content\/uploads\/2016\/03\/drapeau_yukon.gif","datePublished":"2016-03-31T11:11:11+00:00","dateModified":"2024-03-09T14:33:37+00:00","description":"Quelques \u00e9l\u00e9ments de g\u00e9ographie et d\u00e9mographie du territoire du Yukon au Nord-Ouest du Canada. Ce territoire est m\u00e9connu en France.","breadcrumb":{"@id":"https:\/\/art-et-culture-du-monde.fr\/blog\/dossier-yukon\/geographie\/#breadcrumb"},"inLanguage":"fr-FR","potentialAction":[{"@type":"ReadAction","target":["https:\/\/art-et-culture-du-monde.fr\/blog\/dossier-yukon\/geographie\/"]}]},{"@type":"ImageObject","inLanguage":"fr-FR","@id":"https:\/\/art-et-culture-du-monde.fr\/blog\/dossier-yukon\/geographie\/#primaryimage","url":"https:\/\/art-et-culture-du-monde.fr\/blog\/wp-content\/uploads\/2016\/03\/drapeau_yukon.gif","contentUrl":"https:\/\/art-et-culture-du-monde.fr\/blog\/wp-content\/uploads\/2016\/03\/drapeau_yukon.gif","width":253,"height":128,"caption":"drapeau yukon"},{"@type":"BreadcrumbList","@id":"https:\/\/art-et-culture-du-monde.fr\/blog\/dossier-yukon\/geographie\/#breadcrumb","itemListElement":[{"@type":"ListItem","position":1,"name":"Accueil","item":"https:\/\/art-et-culture-du-monde.fr\/blog\/"},{"@type":"ListItem","position":2,"name":"Dossier Yukon","item":"https:\/\/art-et-culture-du-monde.fr\/blog\/dossier-yukon\/"},{"@type":"ListItem","position":3,"name":"G\u00e9ographie"}]},{"@type":"WebSite","@id":"https:\/\/art-et-culture-du-monde.fr\/blog\/#website","url":"https:\/\/art-et-culture-du-monde.fr\/blog\/","name":"La Nature d&#039;Eric","description":"D\u00e9couvrir - Partager - Pr\u00e9server","potentialAction":[{"@type":"SearchAction","target":{"@type":"EntryPoint","urlTemplate":"https:\/\/art-et-culture-du-monde.fr\/blog\/?s={search_term_string}"},"query-input":{"@type":"PropertyValueSpecification","valueRequired":true,"valueName":"search_term_string"}}],"inLanguage":"fr-FR"}]}},"jetpack-related-posts":[],"jetpack_sharing_enabled":true,"_links":{"self":[{"href":"https:\/\/art-et-culture-du-monde.fr\/blog\/wp-json\/wp\/v2\/pages\/219","targetHints":{"allow":["GET"]}}],"collection":[{"href":"https:\/\/art-et-culture-du-monde.fr\/blog\/wp-json\/wp\/v2\/pages"}],"about":[{"href":"https:\/\/art-et-culture-du-monde.fr\/blog\/wp-json\/wp\/v2\/types\/page"}],"author":[{"embeddable":true,"href":"https:\/\/art-et-culture-du-monde.fr\/blog\/wp-json\/wp\/v2\/users\/1"}],"replies":[{"embeddable":true,"href":"https:\/\/art-et-culture-du-monde.fr\/blog\/wp-json\/wp\/v2\/comments?post=219"}],"version-history":[{"count":14,"href":"https:\/\/art-et-culture-du-monde.fr\/blog\/wp-json\/wp\/v2\/pages\/219\/revisions"}],"predecessor-version":[{"id":3568,"href":"https:\/\/art-et-culture-du-monde.fr\/blog\/wp-json\/wp\/v2\/pages\/219\/revisions\/3568"}],"up":[{"embeddable":true,"href":"https:\/\/art-et-culture-du-monde.fr\/blog\/wp-json\/wp\/v2\/pages\/205"}],"wp:attachment":[{"href":"https:\/\/art-et-culture-du-monde.fr\/blog\/wp-json\/wp\/v2\/media?parent=219"}],"curies":[{"name":"wp","href":"https:\/\/api.w.org\/{rel}","templated":true}]}}