{"id":1239,"date":"2017-04-10T14:46:23","date_gmt":"2017-04-10T12:46:23","guid":{"rendered":"http:\/\/art-et-culture-du-monde.fr\/blog\/?page_id=1239"},"modified":"2019-02-05T13:45:49","modified_gmt":"2019-02-05T12:45:49","slug":"ils-nous-font-confiance","status":"publish","type":"page","link":"https:\/\/art-et-culture-du-monde.fr\/blog\/ils-nous-font-confiance\/","title":{"rendered":"Ils nous font confiance &#8230;"},"content":{"rendered":"<p>[et_pb_section fb_built=\u00a0\u00bb1&Prime; admin_label=\u00a0\u00bbsection\u00a0\u00bb _builder_version=\u00a0\u00bb3.0.74&Prime; background_color=\u00a0\u00bbrgba(124,226,77,0.54)\u00a0\u00bb transparent_background=\u00a0\u00bboff\u00a0\u00bb][et_pb_row background_color_1=\u00a0\u00bb#ffffff\u00a0\u00bb parallax_method_1=\u00a0\u00bboff\u00a0\u00bb admin_label=\u00a0\u00bbrow\u00a0\u00bb _builder_version=\u00a0\u00bb3.0.47&Prime; background_size=\u00a0\u00bbinitial\u00a0\u00bb background_position=\u00a0\u00bbtop_left\u00a0\u00bb background_repeat=\u00a0\u00bbrepeat\u00a0\u00bb][et_pb_column type=\u00a0\u00bb2_3&Prime; _builder_version=\u00a0\u00bb3.0.47&Prime; background_color=\u00a0\u00bb#ffffff\u00a0\u00bb parallax=\u00a0\u00bboff\u00a0\u00bb parallax_method=\u00a0\u00bboff\u00a0\u00bb][et_pb_text _builder_version=\u00a0\u00bb3.19.7&Prime; background_size=\u00a0\u00bbinitial\u00a0\u00bb background_position=\u00a0\u00bbtop_left\u00a0\u00bb background_repeat=\u00a0\u00bbrepeat\u00a0\u00bb use_border_color=\u00a0\u00bboff\u00a0\u00bb]<\/p>\n<p>&nbsp;<\/p>\n<h2 style=\"text-align: center;\"><span style=\"font-size: large;\">Les expositions et interventions pr\u00e9c\u00e9dentes ont eu lieu dans divers endroits dont notamment:<\/span><\/h2>\n<p style=\"text-align: center;\"><span style=\"font-size: large;\">&#8211; Office de tourisme de Bagn\u00e8res de Bigorre (09)<\/span><br \/><span style=\"font-size: large;\"> &#8211; Office de tourisme d&rsquo;Egletons (19)<\/span><br \/><span style=\"font-size: large;\"> &#8211; M\u00e9diath\u00e8que de Fenouillet (31)<\/span><br \/><span style=\"font-size: large;\"> &#8211; M\u00e9diath\u00e8que de Labastidette (31)<\/span><br \/><span style=\"font-size: large;\"> &#8211; Mairie de Labastidette (31)<\/span><br \/><span style=\"font-size: large;\"> &#8211; Maison des \u00e9critures de Lombez (32)<\/span><br \/><span style=\"font-size: large;\"> &#8211; Floralies &#8211; Salle des f\u00eates de Pujaudran (32)<\/span><br \/><span style=\"font-size: large;\"> &#8211; M\u00e9diath\u00e8que de Belfort (90)<\/span><br \/><span style=\"font-size: large;\"> &#8211; Ecole maternelle de S\u00e9narens (31)<\/span><br \/><span style=\"font-size: large;\"> &#8211; Comit\u00e9 d&rsquo;entreprise de M\u00e9t\u00e9o France (31)<\/span><br \/><span style=\"font-size: large;\">&#8211; Ecole primaire de Seissan (32)<br \/><span style=\"font-size: large;\">&#8211; M\u00e9diath\u00e8que de Condom (32)<br \/><span style=\"font-size: large;\">&#8211; M\u00e9diath\u00e8que de Saint Jean du Falga (09)<br \/><span style=\"font-size: large;\">&#8211; M\u00e9diath\u00e8que de Les Pujols (09)<br \/><\/span><\/span><\/span><\/span><\/p>\n<p><span style=\"font-size: large;\">\u00a0<\/span><\/p>\n<p style=\"text-align: center;\"><span style=\"font-size: large;\"><strong>Merci \u00e0 tous de votre confiance !<\/strong><\/span><\/p>\n<p style=\"text-align: center;\">\n<p style=\"text-align: center;\">&#8212;<\/p>\n<p>[\/et_pb_text][et_pb_text _builder_version=\u00a0\u00bb3.19.7&Prime; text_font=\u00a0\u00bb||||||||\u00a0\u00bb text_text_color=\u00a0\u00bb#0c71c3&Prime; text_font_size=\u00a0\u00bb18px\u00a0\u00bb background_size=\u00a0\u00bbinitial\u00a0\u00bb background_position=\u00a0\u00bbtop_left\u00a0\u00bb background_repeat=\u00a0\u00bbrepeat\u00a0\u00bb use_border_color=\u00a0\u00bboff\u00a0\u00bb]<\/p>\n<p style=\"text-align: center;\"><a href=\"http:\/\/art-et-culture-du-monde.fr\/blog\/nos-actions\/location-dexposition\/\" target=\"_blank\" rel=\"noopener\"><span style=\"font-size: large;\"><strong><span style=\"color: #3366ff;\">Et maintenant pourquoi pas vous ?<\/span><\/strong><\/span><\/a><\/p>\n<p style=\"text-align: center;\">&#8212;<\/p>\n<p>[\/et_pb_text][\/et_pb_column][et_pb_column type=\u00a0\u00bb1_3&Prime; _builder_version=\u00a0\u00bb3.0.47&Prime; parallax=\u00a0\u00bboff\u00a0\u00bb parallax_method=\u00a0\u00bbon\u00a0\u00bb][et_pb_gallery gallery_ids=\u00a0\u00bb1030,136,93&Prime; posts_number=\u00a0\u00bb3&Prime; show_title_and_caption=\u00a0\u00bboff\u00a0\u00bb zoom_icon_color=\u00a0\u00bb#2ea3f2&Prime; _builder_version=\u00a0\u00bb3.0.97&Prime; pagination_font_size_tablet=\u00a0\u00bb51&Prime; pagination_line_height_tablet=\u00a0\u00bb2&Prime;][\/et_pb_gallery][\/et_pb_column][\/et_pb_row][\/et_pb_section]<\/p>\n","protected":false},"excerpt":{"rendered":"<p>&nbsp; Les expositions et interventions pr\u00e9c\u00e9dentes ont eu lieu dans divers endroits dont notamment: &#8211; Office de tourisme de Bagn\u00e8res de Bigorre (09) &#8211; Office de tourisme d&rsquo;Egletons (19) &#8211; M\u00e9diath\u00e8que de Fenouillet (31) &#8211; M\u00e9diath\u00e8que de Labastidette (31) &#8211; Mairie de Labastidette (31) &#8211; Maison des \u00e9critures de Lombez (32) &#8211; Floralies &#8211; Salle [&hellip;]<\/p>\n","protected":false},"author":1,"featured_media":0,"parent":0,"menu_order":0,"comment_status":"closed","ping_status":"closed","template":"","meta":{"_et_pb_use_builder":"on","_et_pb_old_content":"<p>Les expositions et interventions pr\u00e9c\u00e9dentes ont eu lieu dans divers endroits dont notamment:<\/p><p>- Office de tourisme de Bagn\u00e8res de Bigorre (09)<br \/> - Office de tourisme d'Egletons (19)<br \/> - M\u00e9diath\u00e8que de Fenouillet (31)<br \/> - Salle des f\u00eates de Labastidette (31)<br \/> - Maison des \u00e9critures de Lombez (32)<br \/> - M\u00e9diath\u00e8que de Belfort (90)<br \/> - Ecole maternelle de S\u00e9narens (31)<\/p>","_et_gb_content_width":"","footnotes":""},"class_list":["post-1239","page","type-page","status-publish","hentry"],"yoast_head":"<!-- This site is optimized with the Yoast SEO plugin v27.2 - https:\/\/yoast.com\/product\/yoast-seo-wordpress\/ -->\n<title>Ils font confiance au travail de Art et Culture du Monde<\/title>\n<meta name=\"description\" content=\"Les expositions et animations de Art et Culture du Monde - ACM ont d\u00e9j\u00e0 \u00e9t\u00e9 accueillies dans de nombreux endroits dont ceux list\u00e9s ici.\" \/>\n<meta name=\"robots\" content=\"index, follow, max-snippet:-1, max-image-preview:large, max-video-preview:-1\" \/>\n<link rel=\"canonical\" href=\"https:\/\/art-et-culture-du-monde.fr\/blog\/ils-nous-font-confiance\/\" \/>\n<meta property=\"og:locale\" content=\"fr_FR\" \/>\n<meta property=\"og:type\" content=\"article\" \/>\n<meta property=\"og:title\" content=\"Ils font confiance au travail de Art et Culture du Monde\" \/>\n<meta property=\"og:description\" content=\"Les expositions et animations de Art et Culture du Monde - ACM ont d\u00e9j\u00e0 \u00e9t\u00e9 accueillies dans de nombreux endroits dont ceux list\u00e9s ici.\" \/>\n<meta property=\"og:url\" content=\"https:\/\/art-et-culture-du-monde.fr\/blog\/ils-nous-font-confiance\/\" \/>\n<meta property=\"og:site_name\" content=\"La Nature d&#039;Eric\" \/>\n<meta property=\"article:publisher\" content=\"https:\/\/www.facebook.com\/Art-et-Culture-du-Monde-ACM-175103796680\/\" \/>\n<meta property=\"article:modified_time\" content=\"2019-02-05T12:45:49+00:00\" \/>\n<meta name=\"twitter:card\" content=\"summary_large_image\" \/>\n<meta name=\"twitter:label1\" content=\"Dur\u00e9e de lecture estim\u00e9e\" \/>\n\t<meta name=\"twitter:data1\" content=\"1 minute\" \/>\n<script type=\"application\/ld+json\" class=\"yoast-schema-graph\">{\"@context\":\"https:\/\/schema.org\",\"@graph\":[{\"@type\":\"WebPage\",\"@id\":\"https:\/\/art-et-culture-du-monde.fr\/blog\/ils-nous-font-confiance\/\",\"url\":\"https:\/\/art-et-culture-du-monde.fr\/blog\/ils-nous-font-confiance\/\",\"name\":\"Ils font confiance au travail de Art et Culture du Monde\",\"isPartOf\":{\"@id\":\"https:\/\/art-et-culture-du-monde.fr\/blog\/#website\"},\"datePublished\":\"2017-04-10T12:46:23+00:00\",\"dateModified\":\"2019-02-05T12:45:49+00:00\",\"description\":\"Les expositions et animations de Art et Culture du Monde - ACM ont d\u00e9j\u00e0 \u00e9t\u00e9 accueillies dans de nombreux endroits dont ceux list\u00e9s ici.\",\"breadcrumb\":{\"@id\":\"https:\/\/art-et-culture-du-monde.fr\/blog\/ils-nous-font-confiance\/#breadcrumb\"},\"inLanguage\":\"fr-FR\",\"potentialAction\":[{\"@type\":\"ReadAction\",\"target\":[\"https:\/\/art-et-culture-du-monde.fr\/blog\/ils-nous-font-confiance\/\"]}]},{\"@type\":\"BreadcrumbList\",\"@id\":\"https:\/\/art-et-culture-du-monde.fr\/blog\/ils-nous-font-confiance\/#breadcrumb\",\"itemListElement\":[{\"@type\":\"ListItem\",\"position\":1,\"name\":\"Accueil\",\"item\":\"https:\/\/art-et-culture-du-monde.fr\/blog\/\"},{\"@type\":\"ListItem\",\"position\":2,\"name\":\"Ils nous font confiance &#8230;\"}]},{\"@type\":\"WebSite\",\"@id\":\"https:\/\/art-et-culture-du-monde.fr\/blog\/#website\",\"url\":\"https:\/\/art-et-culture-du-monde.fr\/blog\/\",\"name\":\"La Nature d&#039;Eric\",\"description\":\"D\u00e9couvrir - Partager - Pr\u00e9server\",\"potentialAction\":[{\"@type\":\"SearchAction\",\"target\":{\"@type\":\"EntryPoint\",\"urlTemplate\":\"https:\/\/art-et-culture-du-monde.fr\/blog\/?s={search_term_string}\"},\"query-input\":{\"@type\":\"PropertyValueSpecification\",\"valueRequired\":true,\"valueName\":\"search_term_string\"}}],\"inLanguage\":\"fr-FR\"}]}<\/script>\n<!-- \/ Yoast SEO plugin. -->","yoast_head_json":{"title":"Ils font confiance au travail de Art et Culture du Monde","description":"Les expositions et animations de Art et Culture du Monde - ACM ont d\u00e9j\u00e0 \u00e9t\u00e9 accueillies dans de nombreux endroits dont ceux list\u00e9s ici.","robots":{"index":"index","follow":"follow","max-snippet":"max-snippet:-1","max-image-preview":"max-image-preview:large","max-video-preview":"max-video-preview:-1"},"canonical":"https:\/\/art-et-culture-du-monde.fr\/blog\/ils-nous-font-confiance\/","og_locale":"fr_FR","og_type":"article","og_title":"Ils font confiance au travail de Art et Culture du Monde","og_description":"Les expositions et animations de Art et Culture du Monde - ACM ont d\u00e9j\u00e0 \u00e9t\u00e9 accueillies dans de nombreux endroits dont ceux list\u00e9s ici.","og_url":"https:\/\/art-et-culture-du-monde.fr\/blog\/ils-nous-font-confiance\/","og_site_name":"La Nature d&#039;Eric","article_publisher":"https:\/\/www.facebook.com\/Art-et-Culture-du-Monde-ACM-175103796680\/","article_modified_time":"2019-02-05T12:45:49+00:00","twitter_card":"summary_large_image","twitter_misc":{"Dur\u00e9e de lecture estim\u00e9e":"1 minute"},"schema":{"@context":"https:\/\/schema.org","@graph":[{"@type":"WebPage","@id":"https:\/\/art-et-culture-du-monde.fr\/blog\/ils-nous-font-confiance\/","url":"https:\/\/art-et-culture-du-monde.fr\/blog\/ils-nous-font-confiance\/","name":"Ils font confiance au travail de Art et Culture du Monde","isPartOf":{"@id":"https:\/\/art-et-culture-du-monde.fr\/blog\/#website"},"datePublished":"2017-04-10T12:46:23+00:00","dateModified":"2019-02-05T12:45:49+00:00","description":"Les expositions et animations de Art et Culture du Monde - ACM ont d\u00e9j\u00e0 \u00e9t\u00e9 accueillies dans de nombreux endroits dont ceux list\u00e9s ici.","breadcrumb":{"@id":"https:\/\/art-et-culture-du-monde.fr\/blog\/ils-nous-font-confiance\/#breadcrumb"},"inLanguage":"fr-FR","potentialAction":[{"@type":"ReadAction","target":["https:\/\/art-et-culture-du-monde.fr\/blog\/ils-nous-font-confiance\/"]}]},{"@type":"BreadcrumbList","@id":"https:\/\/art-et-culture-du-monde.fr\/blog\/ils-nous-font-confiance\/#breadcrumb","itemListElement":[{"@type":"ListItem","position":1,"name":"Accueil","item":"https:\/\/art-et-culture-du-monde.fr\/blog\/"},{"@type":"ListItem","position":2,"name":"Ils nous font confiance &#8230;"}]},{"@type":"WebSite","@id":"https:\/\/art-et-culture-du-monde.fr\/blog\/#website","url":"https:\/\/art-et-culture-du-monde.fr\/blog\/","name":"La Nature d&#039;Eric","description":"D\u00e9couvrir - Partager - Pr\u00e9server","potentialAction":[{"@type":"SearchAction","target":{"@type":"EntryPoint","urlTemplate":"https:\/\/art-et-culture-du-monde.fr\/blog\/?s={search_term_string}"},"query-input":{"@type":"PropertyValueSpecification","valueRequired":true,"valueName":"search_term_string"}}],"inLanguage":"fr-FR"}]}},"jetpack-related-posts":[],"jetpack_sharing_enabled":true,"_links":{"self":[{"href":"https:\/\/art-et-culture-du-monde.fr\/blog\/wp-json\/wp\/v2\/pages\/1239","targetHints":{"allow":["GET"]}}],"collection":[{"href":"https:\/\/art-et-culture-du-monde.fr\/blog\/wp-json\/wp\/v2\/pages"}],"about":[{"href":"https:\/\/art-et-culture-du-monde.fr\/blog\/wp-json\/wp\/v2\/types\/page"}],"author":[{"embeddable":true,"href":"https:\/\/art-et-culture-du-monde.fr\/blog\/wp-json\/wp\/v2\/users\/1"}],"replies":[{"embeddable":true,"href":"https:\/\/art-et-culture-du-monde.fr\/blog\/wp-json\/wp\/v2\/comments?post=1239"}],"version-history":[{"count":18,"href":"https:\/\/art-et-culture-du-monde.fr\/blog\/wp-json\/wp\/v2\/pages\/1239\/revisions"}],"predecessor-version":[{"id":2686,"href":"https:\/\/art-et-culture-du-monde.fr\/blog\/wp-json\/wp\/v2\/pages\/1239\/revisions\/2686"}],"wp:attachment":[{"href":"https:\/\/art-et-culture-du-monde.fr\/blog\/wp-json\/wp\/v2\/media?parent=1239"}],"curies":[{"name":"wp","href":"https:\/\/api.w.org\/{rel}","templated":true}]}}

<p>[et_pb_section fb_built= »1&Prime; admin_label= »section » _builder_version= »3.0.74&Prime; background_color= »rgba(124,226,77,0.54) » transparent_background= »off »][et_pb_row background_color_1= »#ffffff » parallax_method_1= »off » admin_label= »row » _builder_version= »3.0.47&Prime; background_size= »initial » background_position= »top_left » background_repeat= »repeat »][et_pb_column type= »2_3&Prime; _builder_version= »3.0.47&Prime; background_color= »#ffffff » parallax= »off » parallax_method= »off »][et_pb_text _builder_version= »3.19.7&Prime; background_size= »initial » background_position= »top_left » background_repeat= »repeat » use_border_color= »off »]</p>
<p>&nbsp;</p>
<h2 style="text-align: center;"><span style="font-size: large;">Les expositions et interventions précédentes ont eu lieu dans divers endroits dont notamment:</span></h2>
<p style="text-align: center;"><span style="font-size: large;">&#8211; Office de tourisme de Bagnères de Bigorre (09)</span><br /><span style="font-size: large;"> &#8211; Office de tourisme d&rsquo;Egletons (19)</span><br /><span style="font-size: large;"> &#8211; Médiathèque de Fenouillet (31)</span><br /><span style="font-size: large;"> &#8211; Médiathèque de Labastidette (31)</span><br /><span style="font-size: large;"> &#8211; Mairie de Labastidette (31)</span><br /><span style="font-size: large;"> &#8211; Maison des écritures de Lombez (32)</span><br /><span style="font-size: large;"> &#8211; Floralies &#8211; Salle des fêtes de Pujaudran (32)</span><br /><span style="font-size: large;"> &#8211; Médiathèque de Belfort (90)</span><br /><span style="font-size: large;"> &#8211; Ecole maternelle de Sénarens (31)</span><br /><span style="font-size: large;"> &#8211; Comité d&rsquo;entreprise de Météo France (31)</span><br /><span style="font-size: large;">&#8211; Ecole primaire de Seissan (32)<br /><span style="font-size: large;">&#8211; Médiathèque de Condom (32)<br /><span style="font-size: large;">&#8211; Médiathèque de Saint Jean du Falga (09)<br /><span style="font-size: large;">&#8211; Médiathèque de Les Pujols (09)<br /></span></span></span></span></p>
<p><span style="font-size: large;"> </span></p>
<p style="text-align: center;"><span style="font-size: large;"><strong>Merci à tous de votre confiance !</strong></span></p>
<p style="text-align: center;">
<p style="text-align: center;">&#8212;</p>
<p>[/et_pb_text][et_pb_text _builder_version= »3.19.7&Prime; text_font= »|||||||| » text_text_color= »#0c71c3&Prime; text_font_size= »18px » background_size= »initial » background_position= »top_left » background_repeat= »repeat » use_border_color= »off »]</p>
<p style="text-align: center;"><a href="http://art-et-culture-du-monde.fr/blog/nos-actions/location-dexposition/" target="_blank" rel="noopener"><span style="font-size: large;"><strong><span style="color: #3366ff;">Et maintenant pourquoi pas vous ?</span></strong></span></a></p>
<p style="text-align: center;">&#8212;</p>
<p>[/et_pb_text][/et_pb_column][et_pb_column type= »1_3&Prime; _builder_version= »3.0.47&Prime; parallax= »off » parallax_method= »on »][et_pb_gallery gallery_ids= »1030,136,93&Prime; posts_number= »3&Prime; show_title_and_caption= »off » zoom_icon_color= »#2ea3f2&Prime; _builder_version= »3.0.97&Prime; pagination_font_size_tablet= »51&Prime; pagination_line_height_tablet= »2&Prime;][/et_pb_gallery][/et_pb_column][/et_pb_row][/et_pb_section]</p>

<p>&nbsp; Les expositions et interventions précédentes ont eu lieu dans divers endroits dont notamment: &#8211; Office de tourisme de Bagnères de Bigorre (09) &#8211; Office de tourisme d&rsquo;Egletons (19) &#8211; Médiathèque de Fenouillet (31) &#8211; Médiathèque de Labastidette (31) &#8211; Mairie de Labastidette (31) &#8211; Maison des écritures de Lombez (32) &#8211; Floralies &#8211; Salle [&hellip;]</p>

<p>Les expositions et interventions précédentes ont eu lieu dans divers endroits dont notamment:</p><p>- Office de tourisme de Bagnères de Bigorre (09)<br /> - Office de tourisme d'Egletons (19)<br /> - Médiathèque de Fenouillet (31)<br /> - Salle des fêtes de Labastidette (31)<br /> - Maison des écritures de Lombez (32)<br /> - Médiathèque de Belfort (90)<br /> - Ecole maternelle de Sénarens (31)</p>

<!-- This site is optimized with the Yoast SEO plugin v27.2 - https://yoast.com/product/yoast-seo-wordpress/ -->
<title>Ils font confiance au travail de Art et Culture du Monde</title>
<meta name="description" content="Les expositions et animations de Art et Culture du Monde - ACM ont déjà été accueillies dans de nombreux endroits dont ceux listés ici." />
<meta name="robots" content="index, follow, max-snippet:-1, max-image-preview:large, max-video-preview:-1" />
<link rel="canonical" href="https://art-et-culture-du-monde.fr/blog/ils-nous-font-confiance/" />
<meta property="og:locale" content="fr_FR" />
<meta property="og:type" content="article" />
<meta property="og:title" content="Ils font confiance au travail de Art et Culture du Monde" />
<meta property="og:description" content="Les expositions et animations de Art et Culture du Monde - ACM ont déjà été accueillies dans de nombreux endroits dont ceux listés ici." />
<meta property="og:url" content="https://art-et-culture-du-monde.fr/blog/ils-nous-font-confiance/" />
<meta property="og:site_name" content="La Nature d&#039;Eric" />
<meta property="article:publisher" content="https://www.facebook.com/Art-et-Culture-du-Monde-ACM-175103796680/" />
<meta property="article:modified_time" content="2019-02-05T12:45:49+00:00" />
<meta name="twitter:card" content="summary_large_image" />
<meta name="twitter:label1" content="Durée de lecture estimée" />
	<meta name="twitter:data1" content="1 minute" />
<script type="application/ld+json" class="yoast-schema-graph">{"@context":"https://schema.org","@graph":[{"@type":"WebPage","@id":"https://art-et-culture-du-monde.fr/blog/ils-nous-font-confiance/","url":"https://art-et-culture-du-monde.fr/blog/ils-nous-font-confiance/","name":"Ils font confiance au travail de Art et Culture du Monde","isPartOf":{"@id":"https://art-et-culture-du-monde.fr/blog/#website"},"datePublished":"2017-04-10T12:46:23+00:00","dateModified":"2019-02-05T12:45:49+00:00","description":"Les expositions et animations de Art et Culture du Monde - ACM ont déjà été accueillies dans de nombreux endroits dont ceux listés ici.","breadcrumb":{"@id":"https://art-et-culture-du-monde.fr/blog/ils-nous-font-confiance/#breadcrumb"},"inLanguage":"fr-FR","potentialAction":[{"@type":"ReadAction","target":["https://art-et-culture-du-monde.fr/blog/ils-nous-font-confiance/"]}]},{"@type":"BreadcrumbList","@id":"https://art-et-culture-du-monde.fr/blog/ils-nous-font-confiance/#breadcrumb","itemListElement":[{"@type":"ListItem","position":1,"name":"Accueil","item":"https://art-et-culture-du-monde.fr/blog/"},{"@type":"ListItem","position":2,"name":"Ils nous font confiance &#8230;"}]},{"@type":"WebSite","@id":"https://art-et-culture-du-monde.fr/blog/#website","url":"https://art-et-culture-du-monde.fr/blog/","name":"La Nature d&#039;Eric","description":"Découvrir - Partager - Préserver","potentialAction":[{"@type":"SearchAction","target":{"@type":"EntryPoint","urlTemplate":"https://art-et-culture-du-monde.fr/blog/?s={search_term_string}"},"query-input":{"@type":"PropertyValueSpecification","valueRequired":true,"valueName":"search_term_string"}}],"inLanguage":"fr-FR"}]}</script>
<!-- / Yoast SEO plugin. -->

Les expositions et animations de Art et Culture du Monde - ACM ont déjà été accueillies dans de nombreux endroits dont ceux listés ici.

Découvrir - Partager - Préserver
